000
CXUS53 KLMK 011303
CLMLEX

CLIMATE REPORT
NATIONAL WEATHER SERVICE LOUISVILLE KY
903 AM EDT THU SEP 01 2022

...................................

...THE LEXINGTON KY CLIMATE SUMMARY FOR THE MONTH OF AUGUST 2022...

CLIMATE NORMAL PERIOD 1991 TO 2020
CLIMATE RECORD PERIOD 1872 TO 2022

WEATHER         OBSERVED          NORMAL  DEPART   LAST YEAR`S
                VALUE   DATE(S)   VALUE   FROM     VALUE DATE(S)
                                          NORMAL
................................................................
TEMPERATURE (F)
RECORD
 HIGH            105   08/19/1936
 LOW              42   08/29/1965
HIGHEST           93   08/28         MM      MM       91  08/11
                                                          08/12
                                                          08/25
LOWEST            57   08/13         MM      MM       54  08/04
AVG. MAXIMUM    86.1               86.2    -0.1     85.1
AVG. MINIMUM    66.5               65.2     1.3     66.1
MEAN            76.3               75.7     0.6     75.6
DAYS MAX >= 90     6                7.7    -1.7        7
DAYS MAX <= 32     0                0.0     0.0        0
DAYS MIN <= 32     0                0.0     0.0        0
DAYS MIN <= 0      0                0.0     0.0        0

PRECIPITATION (INCHES)
RECORD
 MAXIMUM       11.18   1974
 MINIMUM        0.29   1998
TOTALS          4.27               3.71    0.56     7.50
DAILY AVG.      0.14               0.12    0.02     0.24
DAYS >= .01        9                9.6    -0.6       10
DAYS >= .10        8                6.6     1.4        8
DAYS >= .50        5                2.4     2.6        6
DAYS >= 1.00       0                0.7    -0.7        3
GREATEST
 24 HR. TOTAL   1.42   08/09 TO 08/10

SNOWFALL (INCHES)
RECORDS
 TOTAL            MM   5
TOTALS           0.0                0.0     0.0      0.0
SINCE 7/1        0.0                0.0     0.0       MM
SNOWDEPTH AVG.     0                                   0
DAYS >= 1.0        0                0.0     0.0        0
GREATEST
 SNOW DEPTH        0                                   0  MM

DEGREE DAYS
HEATING TOTAL      0                  1      -1        0
 SINCE 7/1         0                  0       0       MM
COOLING TOTAL    356                333      23      333
 SINCE 1/1      1327               1088     239       MM
................................................................

WIND (MPH)
AVERAGE WIND SPEED              5.8
HIGHEST WIND SPEED/DIRECTION    26/170    DATE  08/29
HIGHEST GUST SPEED/DIRECTION    38/160    DATE  08/29

SKY COVER
POSSIBLE SUNSHINE (PERCENT)   MM
AVERAGE SKY COVER           0.27
NUMBER OF DAYS FAIR           21
NUMBER OF DAYS PC             10
NUMBER OF DAYS CLOUDY          0

AVERAGE RH (PERCENT)     72

WEATHER CONDITIONS. NUMBER OF DAYS WITH
THUNDERSTORM             12     MIXED PRECIP               0
HEAVY RAIN                8     RAIN                       6
LIGHT RAIN               14     FREEZING RAIN              0
LT FREEZING RAIN          0     HAIL                       0
HEAVY SNOW                0     SNOW                       0
LIGHT SNOW                0     SLEET                      0
FOG                      17     FOG W/VIS <= 1/4 MILE      3
HAZE                      4

-  INDICATES NEGATIVE NUMBERS.
R  INDICATES RECORD WAS SET OR TIED.
MM INDICATES DATA IS MISSING.
T  INDICATES TRACE AMOUNT.

$$
