000
CXUS51 KOKX 020124 RRA
CLMLGA

CLIMATE REPORT
NATIONAL WEATHER SERVICE NEW YORK, NY
924 PM EDT SAT OCT 01 2022

...................................

...THE LAGUARDIA NY CLIMATE SUMMARY FOR THE MONTH OF SEPTEMBER 2022...

CLIMATE NORMAL PERIOD 1991 TO 2020
CLIMATE RECORD PERIOD 1939 TO 2022

WEATHER         OBSERVED          NORMAL  DEPART   LAST YEAR`S
                VALUE   DATE(S)   VALUE   FROM     VALUE DATE(S)
                                          NORMAL
................................................................
TEMPERATURE (F)
RECORD
 HIGH            102   09/02/1953
 LOW              42   09/25/1950
                       09/28/1947
                       09/23/1947
HIGHEST           89   09/04         MM      MM       88  09/15
LOWEST            51   09/24         MM      MM       56  09/29
AVG. MAXIMUM    77.9               77.2     0.7     79.2
AVG. MINIMUM    63.9               64.4    -0.5     66.3
MEAN            70.9               70.8     0.1     72.7
DAYS MAX >= 90     0                1.0    -1.0        0
DAYS MAX <= 32     0                0.0     0.0        0
DAYS MIN <= 32     0                0.0     0.0        0
DAYS MIN <= 0      0                0.0     0.0        0

PRECIPITATION (INCHES)
RECORD
 MAXIMUM       10.28   2004
 MINIMUM        0.39   2005
TOTALS          5.08               3.88    1.20     8.75
DAILY AVG.      0.17               0.13    0.04     0.29
DAYS >= .01        8                8.3    -0.3        9
DAYS >= .10        6                5.8     0.2        5
DAYS >= .50        4                2.5     1.5        2
DAYS >= 1.00       2                1.1     0.9        2
GREATEST
 24 HR. TOTAL   2.27   09/12 TO 09/13               6.89  09/01 TO 09/02
 STORM TOTAL    1.69                                6.80
 (MM/DD(HH))            MM

SNOWFALL (INCHES)
RECORDS
 TOTAL           0.0   0
 24 HR TOTAL     0.0   MM
TOTALS           0.0                0.0     0.0      0.0
 LIQUID EQUIV   0.00               0.00    0.00     0.00
SINCE 7/1        0.0                0.0     0.0       MM
 LIQUID 7/1     0.00               0.00               MM
DAYS >= TRACE      0                0.0     0.0        0
DAYS >= 1.0        0                0.0     0.0        0
GREATEST
 SNOW DEPTH        0                                   0  MM
 24 HR TOTAL      MM                                  MM
 STORM TOTAL     0.0                                 0.0
 (MM/DD(HH))            MM

DEGREE DAYS
HEATING TOTAL     22                 21       1        4
 SINCE 7/1        22                 19       3       MM
COOLING TOTAL    207                195      12      244
 SINCE 1/1      1519               1375     144       MM
................................................................

WIND (MPH)
AVERAGE WIND SPEED              9.9
HIGHEST WIND SPEED/DIRECTION    30/270    DATE  09/19
HIGHEST GUST SPEED/DIRECTION    38/310    DATE  09/22

SKY COVER
POSSIBLE SUNSHINE (PERCENT)   MM
AVERAGE SKY COVER           0.54
NUMBER OF DAYS FAIR            7
NUMBER OF DAYS PC             15
NUMBER OF DAYS CLOUDY          8

AVERAGE RH (PERCENT)     57

WEATHER CONDITIONS. NUMBER OF DAYS WITH
THUNDERSTORM              5     MIXED PRECIP               0
HEAVY RAIN                5     RAIN                       3
LIGHT RAIN                9     FREEZING RAIN              0
LT FREEZING RAIN          0     HAIL                       0
HEAVY SNOW                0     SNOW                       0
LIGHT SNOW                0     SLEET                      0
FOG                       5     FOG W/VIS <= 1/4 MILE      0
HAZE                      2

-  INDICATES NEGATIVE NUMBERS.
R  INDICATES RECORD WAS SET OR TIED.
MM INDICATES DATA IS MISSING.
T  INDICATES TRACE AMOUNT.

$$
