000
CXHW51 PHFO 021815
CLMLIH

CLIMATE REPORT
NATIONAL WEATHER SERVICE HONOLULU HI
815 AM HST FRI SEP 02 2022

...................................

...THE LIHUE HI CLIMATE SUMMARY FOR THE MONTH OF AUGUST 2022...

CLIMATE NORMAL PERIOD 1991 TO 2020
CLIMATE RECORD PERIOD 1950 TO 2022

WEATHER         OBSERVED          NORMAL  DEPART   LAST YEAR`S
                VALUE   DATE(S)   VALUE   FROM     VALUE DATE(S)
                                          NORMAL
................................................................
TEMPERATURE (F)
RECORD
 HIGH             91   08/31/2019
                       08/25/2019
                       09/19/1994
 LOW              59   08/27/2020
HIGHEST           86   08/02         85       1       88  08/19
                       08/24
                       08/25
                                                          08/20
                                                          08/22
LOWEST            68   08/21         75      -7       69  08/31
AVG. MAXIMUM    83.4               85.2    -1.8     86.9
AVG. MINIMUM    72.8               75.2    -2.4     76.2
MEAN            78.1               80.2    -2.1     81.6
DAYS MAX >= 90     0                                   0
DAYS MAX >= 93     0                                   0
DAYS MAX <= 80     0                                   0
DAYS MIN >= 72    22                                  30
DAYS MIN <= 60     0                                   0
DAYS MIN <= 55     0                                   0

PRECIPITATION (INCHES)
RECORD
 MAXIMUM        8.13   1959
 MINIMUM        0.44   2007
TOTALS          2.19               2.33   -0.14     1.39
DAILY AVG.      0.07               0.08   -0.01     0.04
DAYS >= .01       15               18.0    -3.0       20
DAYS >= .10        4                5.3    -1.3        4
DAYS >= .50        1                0.9     0.1        0
DAYS >= 1.00       0                0.4    -0.4        0
GREATEST
 24 HR. TOTAL   0.93   08/25 TO 08/26               0.42

SNOWFALL (INCHES)
RECORDS
 TOTAL            MM   0
TOTALS            MM                0.0      MM       MM
SINCE 7/1         MM                0.0      MM       MM
SNOWDEPTH AVG.    MM                                  MM
DAYS >= 1.0       MM                0.0      MM       MM
GREATEST
 SNOW DEPTH       MM                                  MM  MM
 24 HR TOTAL      MM                                  MM

DEGREE DAYS
HEATING TOTAL      0                  0       0        0
 SINCE 7/1         0                  0       0       MM
COOLING TOTAL    373                471     -98      521
 SINCE 1/1      2495               2634    -139       MM
................................................................

WIND (MPH)
AVERAGE WIND SPEED              11.9
HIGHEST WIND SPEED/DIRECTION    31/070    DATE  08/02
HIGHEST GUST SPEED/DIRECTION    45/060    DATE  08/02

SKY COVER
POSSIBLE SUNSHINE (PERCENT)   MM
AVERAGE SKY COVER           0.50
NUMBER OF DAYS FAIR            7
NUMBER OF DAYS PC             23
NUMBER OF DAYS CLOUDY          1

AVERAGE RH (PERCENT)     79

WEATHER CONDITIONS. NUMBER OF DAYS WITH
THUNDERSTORM              0     MIXED PRECIP               0
HEAVY RAIN                5     RAIN                       6
LIGHT RAIN               18     FREEZING RAIN              0
LT FREEZING RAIN          0     HAIL                       0
HEAVY SNOW                0     SNOW                       0
LIGHT SNOW                0     SLEET                      0
FOG                      12     FOG W/VIS <= 1/4 MILE      0
HAZE                      1

-  INDICATES NEGATIVE NUMBERS.
R  INDICATES RECORD WAS SET OR TIED.
MM INDICATES DATA IS MISSING.
T  INDICATES TRACE AMOUNT.

$$
