000
CXUS54 KLZK 020310
CLMLIT

CLIMATE REPORT
NATIONAL WEATHER SERVICE LITTLE ROCK AR
1010 PM CDT SAT OCT 01 2022

...................................

...THE LITTLE ROCK ADAMS FIELD CLIMATE SUMMARY FOR THE MONTH OF SEPTEMBER 2022...

CLIMATE NORMAL PERIOD 1991 TO 2020
CLIMATE RECORD PERIOD 1874 TO 2022

WEATHER         OBSERVED          NORMAL  DEPART   LAST YEAR`S
                VALUE   DATE(S)   VALUE   FROM     VALUE DATE(S)
                                          NORMAL
................................................................
TEMPERATURE (F)
RECORD
 HIGH            106   09/01/1947
 LOW              37   09/27/1942
HIGHEST          101   09/21         85      16      100  09/01
LOWEST            51   09/29         64     -13       50  09/24
                       09/30
AVG. MAXIMUM    89.9               85.1     4.8     88.1
AVG. MINIMUM    64.8               62.9     1.9     64.7
MEAN            77.3               74.0     3.3     76.4
DAYS MAX >= 90    18               10.7     7.3       11
DAYS MAX <= 32     0                0.0     0.0        0
DAYS MIN <= 32     0                0.0     0.0        0
DAYS MIN <= 0      0                0.0     0.0        0

PRECIPITATION (INCHES)
RECORD
 MAXIMUM       10.23   1898
 MINIMUM        0.12   2015
TOTALS          0.63               3.01   -2.38     1.10
DAILY AVG.      0.02               0.10   -0.08     0.04
DAYS >= .01        5                6.6    -1.6        4
DAYS >= .10        3                                   2
DAYS >= .50        0                                   1
DAYS >= 1.00       0                0.7    -0.7        0
GREATEST
 24 HR. TOTAL   0.29   09/24 TO 09/25
 STORM TOTAL    0.22
 (MM/DD(HH))

SNOWFALL (INCHES)
RECORDS
 TOTAL            MM   MM
 24 HR TOTAL      MM
 SNOW DEPTH       MM   MM
TOTALS           0.0                0.0     0.0      0.0
 LIQUID EQUIV   0.00               0.00    0.00     0.00
SINCE 7/1        0.0                0.0     0.0       MM
 LIQUID 7/1     0.00               0.00    0.00       MM
SNOWDEPTH AVG.     0
DAYS >= TRACE      0                0.0     0.0        0
DAYS >= 1.0        0                                   0
GREATEST
 SNOW DEPTH        0
 24 HR TOTAL     0.0    MM                           0.0

DEGREE DAYS
HEATING TOTAL      1                 11     -10        0
 SINCE 7/1         1                  8      -7       MM
COOLING TOTAL    378                281      97      350
 SINCE 1/1      2444               1913     531       MM

FREEZE DATES
RECORD
 EARLIEST     10/20/1989
 LATEST       04/19/1983
EARLIEST                        MM
LATEST                          03/13
................................................................

WIND (MPH)
AVERAGE WIND SPEED              5.6
HIGHEST WIND SPEED/DIRECTION    39/250    DATE  09/24
HIGHEST GUST SPEED/DIRECTION    56/250    DATE  09/24

SKY COVER
POSSIBLE SUNSHINE (PERCENT)   MM
AVERAGE SKY COVER           0.32
NUMBER OF DAYS FAIR           16
NUMBER OF DAYS PC             11
NUMBER OF DAYS CLOUDY          3


WEATHER CONDITIONS. NUMBER OF DAYS WITH
THUNDERSTORM              4     MIXED PRECIP               0
HEAVY RAIN                2     RAIN                       1
LIGHT RAIN                6     FREEZING RAIN              0
LT FREEZING RAIN          0     HAIL                       0
HEAVY SNOW                0     SLEET                      0
FOG                       5     FOG W/VIS <= 1/4 MILE      0
HAZE                      7

-  INDICATES NEGATIVE NUMBERS.
R  INDICATES RECORD WAS SET OR TIED.
MM INDICATES DATA IS MISSING.
T  INDICATES TRACE AMOUNT.

$$
