000
CXUS53 KOAX 011638
CLMLNK

CLIMATE REPORT
NATIONAL WEATHER SERVICE OMAHA/VALLEY NE
1112 AM CDT THU SEP 01 2022

...................................

...THE LINCOLN NE CLIMATE SUMMARY FOR THE MONTH OF AUGUST 2022...

CLIMATE NORMAL PERIOD 1991 TO 2020
CLIMATE RECORD PERIOD 1887 TO 2022

WEATHER         OBSERVED          NORMAL  DEPART
                VALUE   DATE(S)   VALUE   FROM
                                          NORMAL
................................................
TEMPERATURE (F)
HIGHEST          101   08/06
LOWEST            55   08/31
AVG. MAXIMUM    91.5               87.2     4.3
AVG. MINIMUM    64.3               64.1     0.2
MEAN            77.9               75.6     2.3
DAYS MAX >= 90    22
DAYS MAX <= 32     0
DAYS MIN <= 32     0
DAYS MIN <= 0      0

PRECIPITATION (INCHES)
RECORD
 MAXIMUM       13.98   1910
 MINIMUM        0.07   1976
TOTALS          0.55               3.32   -2.77
DAYS >= .01        5
DAYS >= .10        1
DAYS >= .50        0
DAYS >= 1.00       0
GREATEST
 24 HR. TOTAL   0.39   08/15 TO 08/16

SNOWFALL (INCHES)
RECORDS
 TOTAL             T   2007
TOTALS           0.0                0.0     0.0
SINCE 7/1        0.0
DAYS >= 1.0        0
GREATEST
 SNOW DEPTH        0
 24 HR TOTAL       0

DEGREE DAYS
HEATING TOTAL      0                  3      -3
 SINCE 7/1         0                  1      -1
COOLING TOTAL    408                333      75
 SINCE 1/1      1290               1106     184
................................................

WIND (MPH)
AVERAGE WIND SPEED              8.0
HIGHEST WIND SPEED/DIRECTION    24/020    DATE  08/08
HIGHEST GUST SPEED/DIRECTION    33/190    DATE  08/02
                                33/090          08/15

SKY COVER
AVERAGE SKY COVER           0.13


WEATHER CONDITIONS. NUMBER OF DAYS WITH
THUNDERSTORM              5     MIXED PRECIP               0
HEAVY RAIN                2     RAIN                       1
LIGHT RAIN                7     FREEZING RAIN              0
LT FREEZING RAIN          0     HAIL                       0
HEAVY SNOW                0     SNOW                       0
LIGHT SNOW                0     SLEET                      0
FOG                       6     FOG W/VIS <= 1/4 MILE      0
HAZE                      1

-  INDICATES NEGATIVE NUMBERS.
R  INDICATES RECORD WAS SET OR TIED.
MM INDICATES DATA IS MISSING.
T  INDICATES TRACE AMOUNT.

&&

AUGUST IN LINCOLN WAS WARMER AND DRIER THAN NORMAL. THE MONTH ENDED
UP 2.3 DEGREES ABOVE NORMAL FOR AVERAGE TEMPERATURE AND 2.77 INCHES
BELOW NORMAL FOR PRECIPITATION. IT WAS THE 5TH DRIEST AUGUST ON
RECORD. NO NEW DAILY RECORDS WERE SET DURING THE MONTH.

$$
