000
CXUS53 KLMK 011303
CLMLOU

CLIMATE REPORT
NATIONAL WEATHER SERVICE LOUISVILLE KY
903 AM EDT THU SEP 01 2022

...................................

...THE LOUISVILLE BOWMAN KY CLIMATE SUMMARY FOR THE MONTH OF AUGUST 2022...

CLIMATE NORMAL PERIOD 1991 TO 2020
CLIMATE RECORD PERIOD 9999 TO 9999

WEATHER         OBSERVED          NORMAL  DEPART   LAST YEAR`S
                VALUE   DATE(S)   VALUE   FROM     VALUE DATE(S)
                                          NORMAL
................................................................
TEMPERATURE (F)
HIGHEST           95   08/28         MM      MM       96  08/26
LOWEST            59R  08/13         MM      MM       60  08/03
                                                          08/04
AVG. MAXIMUM    87.0               87.1    -0.1     89.2
AVG. MINIMUM    68.2               68.1     0.1     69.5
MEAN            77.6               77.6     0.0     79.3
DAYS MAX >= 90     8               10.8    -2.8       16
DAYS MAX <= 32     0                0.0     0.0        0
DAYS MIN <= 32     0                0.0     0.0        0
DAYS MIN <= 0      0                0.0     0.0        0

PRECIPITATION (INCHES)
TOTALS          2.59R              3.53   -0.94     3.86
DAILY AVG.      0.08               0.11   -0.03     0.12
DAYS >= .01       10                9.3     0.7       12
DAYS >= .10        5                5.5    -0.5        6
DAYS >= .50        1                2.8    -1.8        3
DAYS >= 1.00       1                1.4    -0.4        1
GREATEST
 24 HR. TOTAL   1.62   07/31 TO 08/01


DEGREE DAYS
HEATING TOTAL      0                  0       0        0
 SINCE 7/1         0                  0       0       MM
COOLING TOTAL    400                391       9      452
 SINCE 1/1      1428               1309     119       MM
................................................................

WIND (MPH)
AVERAGE WIND SPEED              4.8
HIGHEST WIND SPEED/DIRECTION    31/190    DATE  08/29
HIGHEST GUST SPEED/DIRECTION    41/180    DATE  08/29

SKY COVER
POSSIBLE SUNSHINE (PERCENT)   MM
AVERAGE SKY COVER           0.29
NUMBER OF DAYS FAIR           22
NUMBER OF DAYS PC              8
NUMBER OF DAYS CLOUDY          1

AVERAGE RH (PERCENT)     71

WEATHER CONDITIONS. NUMBER OF DAYS WITH
THUNDERSTORM             11     MIXED PRECIP               0
HEAVY RAIN                4     RAIN                       6
LIGHT RAIN               12     FREEZING RAIN              0
LT FREEZING RAIN          0     HAIL                       0
HEAVY SNOW                0     SNOW                       0
LIGHT SNOW                0     SLEET                      0
FOG                      12     FOG W/VIS <= 1/4 MILE      2
HAZE                      2

-  INDICATES NEGATIVE NUMBERS.
R  INDICATES RECORD WAS SET OR TIED.
MM INDICATES DATA IS MISSING.
T  INDICATES TRACE AMOUNT.

$$
