000
CXUS53 KJKL 011427 CCB
CLMLOZ

CLIMATE REPORT
NATIONAL WEATHER SERVICE JACKSON KY
1006 AM EDT THU SEP 01 2022

...................................

...THE LONDON KY CLIMATE SUMMARY FOR THE MONTH OF AUGUST 2022...

CLIMATE NORMAL PERIOD 1991 TO 2020
CLIMATE RECORD PERIOD 1954 TO 2022

WEATHER         OBSERVED          NORMAL  DEPART   LAST YEAR`S
                VALUE   DATE(S)   VALUE   FROM     VALUE DATE(S)
                                          NORMAL
................................................................
TEMPERATURE (F)
RECORD
 HIGH            102   08/16/2007
 LOW              44   08/29/1986
HIGHEST           90   08/03         MM      MM       92  08/25
                       08/28
                       08/29
LOWEST            57   08/13         MM      MM       61  08/02
                                                          08/03
                                                          08/04
AVG. MAXIMUM    85.0               85.6    -0.6     85.4
AVG. MINIMUM    65.1               64.8     0.3     67.5
MEAN            75.1               75.2    -0.1     76.5
DAYS MAX >= 90     3                6.1    -3.1        8
DAYS MAX <= 32     0                0.0     0.0        0
DAYS MIN <= 32     0                0.0     0.0        0
DAYS MIN <= 0      0                0.0     0.0        0

PRECIPITATION (INCHES)
RECORD
 MAXIMUM        7.47   2003
 MINIMUM        0.45   2007
TOTALS          2.37               3.97   -1.60     5.68
DAILY AVG.      0.08               0.13   -0.05     0.18
DAYS >= .01       11               10.2     0.8       12
DAYS >= .10        6                6.6    -0.6       10
DAYS >= .50        1                2.9    -1.9        6
DAYS >= 1.00       1                1.0     0.0        1
GREATEST
 24 HR. TOTAL   1.15   08/05 TO 08/06               1.45

SNOWFALL (INCHES)
RECORDS
 TOTAL            MM   MM
TOTALS            MM                 MM      MM       MM
SINCE 7/1         MM                 MM      MM       MM
SNOWDEPTH AVG.    MM                                  MM
DAYS >= 1.0       MM                 MM      MM       MM
GREATEST
 SNOW DEPTH       MM                                  MM
 24 HR TOTAL      MM                                  MM

DEGREE DAYS
HEATING TOTAL      0                  1      -1        0
 SINCE 7/1         0                  0       0        0
COOLING TOTAL    319                317       2      366
 SINCE 1/1      1156               1040     116     1040
................................................................

WIND (MPH)
AVERAGE WIND SPEED              3.5
HIGHEST WIND SPEED/DIRECTION    21/200    DATE  08/04
HIGHEST GUST SPEED/DIRECTION    35/200    DATE  08/04

SKY COVER
POSSIBLE SUNSHINE (PERCENT)   MM
AVERAGE SKY COVER           0.30
NUMBER OF DAYS FAIR           21
NUMBER OF DAYS PC              9
NUMBER OF DAYS CLOUDY          1

AVERAGE RH (PERCENT)     77

WEATHER CONDITIONS. NUMBER OF DAYS WITH
THUNDERSTORM             10     MIXED PRECIP               0
HEAVY RAIN                5     RAIN                       5
LIGHT RAIN               11     FREEZING RAIN              0
LT FREEZING RAIN          0     HAIL                       0
HEAVY SNOW                0     SNOW                       0
LIGHT SNOW                0     SLEET                      0
FOG                      18     FOG W/VIS <= 1/4 MILE      3
HAZE                      1

-  INDICATES NEGATIVE NUMBERS.
R  INDICATES RECORD WAS SET OR TIED.
MM INDICATES DATA IS MISSING.
T  INDICATES TRACE AMOUNT.

$$


CARICO
