000
CXUS54 KCRP 031640 CCA
CLMLRD

CLIMATE REPORT...CORRECTION
NATIONAL WEATHER SERVICE CORPUS CHRISTI TX
1140 AM CDT SAT SEP 03 2022

...................................

...THE LAREDO CLIMATE SUMMARY FOR THE MONTH OF AUGUST 2022...

CLIMATE NORMAL PERIOD 1991 TO 2020
CLIMATE RECORD PERIOD 1900 TO 2022

WEATHER         OBSERVED          NORMAL  DEPART   LAST YEAR`S
                VALUE   DATE(S)   VALUE   FROM     VALUE DATE(S)
                                          NORMAL
................................................................
TEMPERATURE (F)
RECORD
 HIGH            113   08/11/1936
 LOW              60   08/13/1918
                       08/12/1918
                       08/11/1918
HIGHEST          107   08/03        102       5      105  08/19
                       08/04
LOWEST            72   08/15         74      -2       73  08/04
AVG. MAXIMUM    99.1              100.9    -1.8     99.8
AVG. MINIMUM    77.3               76.8     0.5     76.6
MEAN            88.2               88.9    -0.7     88.2
DAYS MAX >= 90    29               30.7    -1.7       31
DAYS MAX <= 32     0                0.0     0.0        0
DAYS MIN <= 32     0                0.0     0.0        0
DAYS MIN <= 0      0                0.0     0.0        0

PRECIPITATION (INCHES)
RECORD
 MAXIMUM       10.00   1971
 MINIMUM        0.00   1952
                       1929
                       1924
TOTALS          8.60               1.68    6.92     1.93
DAILY AVG.      0.28               0.05    0.23     0.06
DAYS >= .01        8                 MM      MM        5
DAYS >= .10        5                 MM      MM        3
DAYS >= .50        3                 MM      MM        1
DAYS >= 1.00       1                 MM      MM        1
GREATEST
 24 HR. TOTAL   6.82   08/15 TO 08/15               1.33  08/02 TO 08/03

SNOWFALL (INCHES)
RECORDS
 TOTAL            MM   MM
 24 HR TOTAL      MM
TOTALS           0.0                 MM      MM      0.0
SINCE 7/1        0.0                 MM      MM       MM
SNOWDEPTH AVG.     0                                   0
DAYS >= 1.0        0                 MM      MM
GREATEST
 SNOW DEPTH        0                                   0
 24 HR TOTAL      MM                                  MM

DEGREE DAYS
HEATING TOTAL      0                  0       0        0
 SINCE 7/1         0                  0       0       MM
COOLING TOTAL    727                739     -12      729
 SINCE 1/1      3729               3272     457       MM
................................................................

WIND (MPH)
AVERAGE WIND SPEED              MM
HIGHEST WIND SPEED/DIRECTION    MM        DATE   MM
HIGHEST GUST SPEED/DIRECTION    MM        DATE   MM

SKY COVER
AVERAGE SKY COVER           0.25

AVERAGE RH (PERCENT)     64

WEATHER CONDITIONS. NUMBER OF DAYS WITH
THUNDERSTORM              9     MIXED PRECIP               0
HEAVY RAIN                5     RAIN                       7
LIGHT RAIN               10     FREEZING RAIN              0
LT FREEZING RAIN          0     HAIL                       0
HEAVY SNOW                0     SNOW                       0
LIGHT SNOW                0     SLEET                      0
FOG                       0     FOG W/VIS <= 1/4 MILE      0
HAZE                      0

-  INDICATES NEGATIVE NUMBERS.
R  INDICATES RECORD WAS SET OR TIED.
MM INDICATES DATA IS MISSING.
T  INDICATES TRACE AMOUNT.

$$

ANM...CORRECTED FOR RECORD MINIMUM PRECIP. PRECIP DATA FOR 08/15
TAKEN FROM BACKUP SITE (41-5060-09) AS AWOS DATA WAS UNREPRESENTATIVE.
CHANGE APPROVED BY REGION VM AND STATE CLIMATOLOGIST DR. JNG.
