000
CXUS53 KARX 010921
CLMLSE

CLIMATE REPORT
NATIONAL WEATHER SERVICE LA CROSSE WI
421 AM CDT SAT OCT 01 2022

...................................

...THE LA CROSSE WI CLIMATE SUMMARY FOR THE MONTH OF SEPTEMBER 2022...

CLIMATE NORMAL PERIOD 1991 TO 2020
CLIMATE RECORD PERIOD 1872 TO 2022

WEATHER         OBSERVED          NORMAL  DEPART   LAST YEAR`S
                VALUE   DATE(S)   VALUE   FROM     VALUE DATE(S)
                                          NORMAL
................................................................
TEMPERATURE (F)
RECORD
 HIGH            101   09/06/1922
 LOW              24   09/30/1899
HIGHEST           89   09/20                          90  09/19
LOWEST            33   09/28                          43  09/18
AVG. MAXIMUM    75.8               75.5     0.3     79.1
AVG. MINIMUM    54.6               54.1     0.5     55.3
MEAN            65.2               64.8     0.4     67.2
DAYS MAX >= 90     0                1.5    -1.5        1
DAYS MAX <= 32     0                0.0     0.0        0
DAYS MIN <= 32     0                0.2    -0.2        0
DAYS MIN <= 0      0                0.0     0.0        0

PRECIPITATION (INCHES)
RECORD
 MAXIMUM       10.87   1881
TOTALS          1.66               3.63   -1.97     1.43
DAYS >= .01        9                9.6    -0.6        4
DAYS >= .10        3                6.1    -3.1        3
DAYS >= .50        1                2.3    -1.3        1
DAYS >= 1.00       0                1.0    -1.0        0
GREATEST
 24 HR. TOTAL   0.87   09/10 TO 09/10               0.71  09/20 TO 09/20

SNOWFALL (INCHES)
RECORDS
 TOTAL           0.2   1942
 SNOW DEPTH        0   09/30/2020
TOTALS           0.0                0.0     0.0      0.0
SINCE 7/1        0.0                0.0     0.0      0.0
SNOWDEPTH AVG.     0                                   0
DAYS >= TRACE      0                0.0     0.0        0
DAYS >= 1.0        0                0.0     0.0        0
GREATEST
 SNOW DEPTH        0                                   0

DEGREE DAYS
HEATING TOTAL    103                105      -2       27
 SINCE 7/1       103                116     -13       27
COOLING TOTAL    118                 99      19      100
 SINCE 1/1      1014                930      84     1182
................................................................

WIND (MPH)
AVERAGE WIND SPEED              7.8
HIGHEST WIND SPEED/DIRECTION    28/310    DATE  09/25
HIGHEST GUST SPEED/DIRECTION    38/300    DATE  09/25

AVERAGE RH (PERCENT)     70

WEATHER CONDITIONS. NUMBER OF DAYS WITH
THUNDERSTORM              2     MIXED PRECIP               0
HEAVY RAIN                2     RAIN                       3
LIGHT RAIN               10     FREEZING RAIN              0
LT FREEZING RAIN          0     HAIL                       0
HEAVY SNOW                0     SNOW                       0
LIGHT SNOW                0     SLEET                      0
FOG                      10     FOG W/VIS <= 1/4 MILE      4
HAZE                      2

-  INDICATES NEGATIVE NUMBERS.
R  INDICATES RECORD WAS SET OR TIED.
MM INDICATES DATA IS MISSING.
T  INDICATES TRACE AMOUNT.

$$

BOYNE
