000
CXUS56 KMTR 010840
CLMLVK

CLIMATE REPORT
NATIONAL WEATHER SERVICE SAN FRANCISCO BAY AREA
140 AM PDT THU SEP 01 2022

...................................

...THE LIVERMORE AIRPORT CLIMATE SUMMARY FOR THE MONTH OF AUGUST 2022...

CLIMATE NORMAL PERIOD: 1991 TO 2020
CLIMATE RECORD PERIOD: 1930 TO 2022

WEATHER         OBSERVED          NORMAL  DEPART   LAST YEAR`S
                VALUE   DATE(S)   VALUE   FROM     VALUE DATE(S)
                                          NORMAL
................................................................
TEMPERATURE (F)
RECORD
 HIGH            112   MM
 LOW              50   08/24/2009
HIGHEST          106   08/16                         104  08/28
LOWEST            53   08/14                          52  08/26
AVG. MAXIMUM    90.8               87.5     3.3     90.3
AVG. MINIMUM    58.8                                57.8
MEAN            74.8               72.1     2.7     74.1
DAYS MAX >= 90    18                                  17
DAYS MAX <= 32     0                                   0
DAYS MIN <= 32     0                                   0
DAYS MIN <= 0      0                                   0

PRECIPITATION (INCHES)
RECORD
 MAXIMUM        0.11   2020
 MINIMUM        0.00   2021
TOTALS          0.00R              0.09   -0.09     0.00
DAILY AVG.      0.00                                0.00
DAYS >= .01        0                                   0
DAYS >= .10        0                                   0
DAYS >= .50        0                                   0
DAYS >= 1.00       0                                   0
GREATEST
 24 HR. TOTAL   0.00   07/31 TO 07/31               0.00  07/31 TO 07/31


DEGREE DAYS
HEATING TOTAL      0                  3      -3        0
 SINCE 7/1         6                  4       2       MM
COOLING TOTAL    313                223      90      291
 SINCE 1/1       805                626     179       MM
................................................................

WIND (MPH)
AVERAGE WIND SPEED              7.3
RESULTANT WIND SPEED/DIRECTION   6/290
HIGHEST WIND SPEED/DIRECTION    23/290    DATE  08/04
HIGHEST GUST SPEED/DIRECTION    30/280    DATE  08/04

SKY COVER
POSSIBLE SUNSHINE (PERCENT)   MM
AVERAGE SKY COVER           0.06
NUMBER OF DAYS FAIR           30
NUMBER OF DAYS PC              1
NUMBER OF DAYS CLOUDY          0

AVERAGE RH (PERCENT)     56

WEATHER CONDITIONS. NUMBER OF DAYS WITH
THUNDERSTORM              0     MIXED PRECIP               0
HEAVY RAIN                0     RAIN                       0
LIGHT RAIN                0     FREEZING RAIN              0
LT FREEZING RAIN          0     HAIL                       0
HEAVY SNOW                0     SNOW                       0
LIGHT SNOW                0     SLEET                      0
FOG                       1     FOG W/VIS <= 1/4 MILE      0
HAZE                      2

-  INDICATES NEGATIVE NUMBERS.
R  INDICATES RECORD WAS SET OR TIED.
MM INDICATES DATA IS MISSING.
T  INDICATES TRACE AMOUNT.

$$
