000
CXUS55 KBYZ 011152
CLMLVM

CLIMATE REPORT
NATIONAL WEATHER SERVICE BILLINGS MT
548 AM MDT THU SEP 01 2022

...................................

...THE LIVINGSTON MT CLIMATE SUMMARY FOR THE MONTH OF AUGUST 2022...

CLIMATE NORMAL PERIOD 1991 TO 2020
CLIMATE RECORD PERIOD 1948 TO 2022

WEATHER         OBSERVED          NORMAL  DEPART
                VALUE   DATE(S)   VALUE   FROM
                                          NORMAL
................................................
TEMPERATURE (F)
HIGHEST          100   08/01
LOWEST            36   08/29
AVG. MAXIMUM    90.0               84.8     5.2
AVG. MINIMUM    52.2               48.1     4.1
MEAN            71.1               66.5     4.6
DAYS MAX >= 90    19
DAYS MAX <= 32     0
DAYS MIN <= 32     0
DAYS MIN <= 0      0

PRECIPITATION (INCHES)
TOTALS          0.74               1.07   -0.33
DAYS >= .01        6
DAYS >= .10        2
DAYS >= .50        0
DAYS >= 1.00       0
GREATEST
 24 HR. TOTAL   0.48   08/05 TO 08/06


DEGREE DAYS
HEATING TOTAL     13                 58     -45
 SINCE 7/1        15                 97     -82
COOLING TOTAL    209                103     106
 SINCE 1/1       417                256     161
................................................

WIND (MPH)
AVERAGE WIND SPEED              9.9
HIGHEST WIND SPEED/DIRECTION    40/240    DATE  08/27
HIGHEST GUST SPEED/DIRECTION    53/240    DATE  08/27

AVERAGE RH (PERCENT)     45

WEATHER CONDITIONS. NUMBER OF DAYS WITH
THUNDERSTORM              7     MIXED PRECIP               0
HEAVY RAIN                1     RAIN                       4
LIGHT RAIN               12     FREEZING RAIN              0
LT FREEZING RAIN          0     HAIL                       0
HEAVY SNOW                0     SNOW                       0
LIGHT SNOW                0     SLEET                      0
FOG                       3     FOG W/VIS <= 1/4 MILE      1
HAZE                     10

-  INDICATES NEGATIVE NUMBERS.
R  INDICATES RECORD WAS SET OR TIED.
MM INDICATES DATA IS MISSING.
T  INDICATES TRACE AMOUNT.

&&

THIS IS AN AUTOMATED...UNATTENDED WEATHER STATION AND MAY
UNDERESTIMATE WINTER PRECIPITATION.

...AUGUST 2022 MONTH IN REVIEW FOR LIVINGSTON...

BELOW IS A SUMMARY OF THE TEMPERATURE AND PRECIPITATION
STATISTICS FOR LIVINGSTON FOR AUGUST 2022. ALL TEMPERATURES ARE IN
DEGREES FAHRENHEIT AND ALL PRECIPITATION AMOUNTS ARE IN INCHES. NORMALS
ARE 30 YEAR AVERAGES CALCULATED FROM 1991 TO 2020. MONTHLY RANKINGS
FOR PRECIPITATION AND TEMPERATURES USE A PERIOD
OF RECORD THAT STARTED IN JULY 1948 AT OR NEAR THE LIVINGSTON AIRPORT.

NUMBERS DENOTED WITH AN * IS MISSING DATA IN THE CALCULATION.

... MONTHLY PRECIPITATION...

 MONTH   2022 VALUES  NORMALS    DEPARTURE  RANKING

AUGUST       0.74     1.07       -0.33      30TH DRIEST OUT OF 75 YEARS
                                            (RECORD DRIEST WAS 0.06 IN 2001)
                                            (DRIEST SINCE 0.71 IN 2020)

... AUGUST 2022 BROKEN OR TIED DAILY PRECIPITATION RECORDS...

NONE

NOTE: SINCE THE LATE 1990S...LIVINGSTON BECAME AN AUTOMATED AND UNATTENDED
WEATHER STATION. PRECIPITATION AMOUNTS IN THE WINTER MAY BE UNDERESTIMATED.

... AVERAGE TEMPERATURES...

 MONTH   2022 VALUES  NORMALS   DEPARTURE  RANKING

AUGUST       71.1      66.5      +4.6      6TH WARMEST OUT OF 75 YEARS
                                           (RECORD WARMEST WAS 71.6 IN 2000)
                                           (WARMEST SINCE 71.3 IN 2013)

... AVERAGE HIGH TEMPERATURES...

 MONTH   2022 VALUES  NORMALS   DEPARTURE  RANKING

AUGUST       90.0      84.8      +5.2      TIED FOR THE 2ND WARMEST OUT OF 75 YEARS
                                           (RECORD WARMEST WAS 91.0 IN 2000)
                                           (WARMEST SINCE 90.0 IN 2013)

... AUGUST 2022 BROKEN OR TIED WARMEST DAILY HIGH TEMPERATURE RECORDS...

NONE

... AUGUST 2022 BROKEN OR TIED COLDEST DAILY HIGH TEMPERATURE RECORDS...

61 ON AUGUST  6 (OLD RECORD 70 IN 1973)

... AVERAGE LOW TEMPERATURES...

 MONTH   2022 VALUES  NORMALS   DEPARTURE  RANKING

AUGUST       52.2      48.1      +4.1      TIED FOR THE 8TH WARMEST OUT OF 75 YEARS
                                           (RECORD WARMEST WAS 54.3 IN 1983)
                                           (WARMEST SINCE 52.6 IN 2013)

... AUGUST 2022 BROKEN OR TIED WARMEST DAILY LOW TEMPERATURE RECORDS...

66 ON AUGUST  2 (OLD RECORD 65 IN 1955)

... AUGUST 2022 BROKEN OR TIED COLDEST DAILY LOW TEMPERATURE RECORDS...

NONE

$$
