000
CXUS53 KTOP 011433
CLMLWC

CLIMATE REPORT
NATIONAL WEATHER SERVICE TOPEKA KS
933 AM CDT THU SEP 01 2022

...................................

...THE LAWRENCE KS CLIMATE SUMMARY FOR THE MONTH OF AUGUST 2022...

CLIMATE NORMAL PERIOD 1991 TO 2020

WEATHER         OBSERVED          NORMAL  DEPART   LAST YEAR`S
                VALUE   DATE(S)   VALUE   FROM     VALUE
                                          NORMAL
..............................................................
TEMPERATURE (F)
HIGHEST          100   08/02                          98
LOWEST            53   08/31                          54
AVG. MAXIMUM    90.6               89.9     0.7     90.3
AVG. MINIMUM    64.5               65.1    -0.6     68.0
MEAN            77.6               77.5     0.1     79.2
DAYS MAX >= 90    18               14.9     3.1       16
DAYS MAX <= 32     0                0.0     0.0        0
DAYS MIN <= 32     0                0.0     0.0        0
DAYS MIN <= 0      0                0.0     0.0        0

PRECIPITATION (INCHES)
TOTALS          3.04               4.05   -1.01     1.08
DAILY AVG.      0.10                                0.28
DAYS >= .01        5                                   4
DAYS >= .10        5                                   2
DAYS >= .50        3                                   2
DAYS >= 1.00       1                                   0
GREATEST
 24 HR. TOTAL   1.43   08/03 TO 08/04               0.54


DEGREE DAYS
HEATING TOTAL      0                  2      -2        0
 SINCE 7/1         0                  0       0       MM
COOLING TOTAL    382                389      -7      433
 SINCE 1/1      1375               1266     109       MM
..............................................................

WIND (MPH)
AVERAGE WIND SPEED              5.1
HIGHEST WIND SPEED/DIRECTION    32/170    DATE  08/03
HIGHEST GUST SPEED/DIRECTION    39/170    DATE  08/03

SKY COVER
POSSIBLE SUNSHINE (PERCENT)   MM
AVERAGE SKY COVER           0.15
NUMBER OF DAYS FAIR           25
NUMBER OF DAYS PC              5
NUMBER OF DAYS CLOUDY          1

AVERAGE RH (PERCENT)     71

WEATHER CONDITIONS. NUMBER OF DAYS WITH
THUNDERSTORM              6     MIXED PRECIP               0
HEAVY RAIN                5     RAIN                       5
LIGHT RAIN                6     FREEZING RAIN              0
LT FREEZING RAIN          0     HAIL                       0
HEAVY SNOW                0     SNOW                       0
LIGHT SNOW                0     SLEET                      0
FOG                      23     FOG W/VIS <= 1/4 MILE      8
HAZE                     13

-  INDICATES NEGATIVE NUMBERS.
R  INDICATES RECORD WAS SET OR TIED.
MM INDICATES DATA IS MISSING.
T  INDICATES TRACE AMOUNT.

$$
