000
CXUS53 KILX 011508
CLMLWV

CLIMATE REPORT
NATIONAL WEATHER SERVICE LINCOLN IL
1008 AM CDT THU SEP 01 2022

...................................

...THE LAWRENCEVILLE IL AIRPORT CLIMATE SUMMARY FOR THE MONTH OF AUGUST 2022...

CLIMATE NORMAL PERIOD 1991 TO 2020
CLIMATE RECORD PERIOD 9999 TO 9999

WEATHER         OBSERVED          NORMAL  DEPART   LAST YEAR`S
                VALUE   DATE(S)   VALUE   FROM     VALUE
                                          NORMAL
..............................................................
TEMPERATURE (F)
RECORD
 HIGH             MM   MM
 LOW              MM   MM
HIGHEST           94   08/28         MM      MM       95
LOWEST            58   08/31         MM      MM       58
AVG. MAXIMUM    86.5               86.8    -0.3     87.6
AVG. MINIMUM    66.1               65.1     1.0     68.4
MEAN            76.3               76.0     0.3     78.0
DAYS MAX >= 90     8                9.4    -1.4       12
DAYS MAX <= 32     0                0.0     0.0        0
DAYS MIN <= 32     0                0.0     0.0        0
DAYS MIN <= 0      0                0.0     0.0        0

PRECIPITATION (INCHES)
RECORD
 MAXIMUM          MM   MM
 MINIMUM          MM   MM
TOTALS            MM               2.94      MM     3.19
DAILY AVG.        MM               0.09      MM     0.10
DAYS >= .01        5                8.9    -3.9        8
DAYS >= .10        2                4.7    -2.7        4
DAYS >= .50        0                2.0    -2.0        1
DAYS >= 1.00       0                0.8    -0.8        1
GREATEST
 24 HR. TOTAL     MM                                2.37


DEGREE DAYS
HEATING TOTAL      0                  1      -1        0
 SINCE 7/1         0                  0       0       MM
COOLING TOTAL    359                340      19      410
 SINCE 1/1      1337               1176     161       MM
..............................................................

WIND (MPH)
AVERAGE WIND SPEED              5.9
HIGHEST WIND SPEED/DIRECTION    37/250    DATE  08/02
HIGHEST GUST SPEED/DIRECTION    56/250    DATE  08/02

AVERAGE RH (PERCENT)     75

WEATHER CONDITIONS. NUMBER OF DAYS WITH
THUNDERSTORM              9     MIXED PRECIP               0
HEAVY RAIN                4     RAIN                       7
LIGHT RAIN               13     FREEZING RAIN              0
LT FREEZING RAIN          0     HAIL                       0
HEAVY SNOW                0     SNOW                       0
LIGHT SNOW                0     SLEET                      0
FOG                      12     FOG W/VIS <= 1/4 MILE      0
HAZE                      1

-  INDICATES NEGATIVE NUMBERS.
R  INDICATES RECORD WAS SET OR TIED.
MM INDICATES DATA IS MISSING.
T  INDICATES TRACE AMOUNT.

$$

ERWIN
