000
CXUS51 KRNK 010542
CLMLYH

CLIMATE REPORT
NATIONAL WEATHER SERVICE BLACKSBURG, VA
142 AM EDT SAT OCT 01 2022

...................................

...THE LYNCHBURG VA CLIMATE SUMMARY FOR THE MONTH OF SEPTEMBER 2022...

CLIMATE NORMAL PERIOD: 1991 TO 2020
CLIMATE RECORD PERIOD: 1893 TO 2022

WEATHER         OBSERVED          NORMAL  DEPART   LAST YEAR`S
                VALUE   DATE(S)   VALUE   FROM     VALUE
                                          NORMAL
..............................................................
TEMPERATURE (F)
RECORD
 HIGH            102   09/01/1932
 LOW              35   09/26/2001
                       09/29/1942
HIGHEST           90   09/20                          92
LOWEST            39   09/28                          45
AVG. MAXIMUM    81.5               78.9     2.6     82.7
AVG. MINIMUM    58.2               57.1     1.1     58.2
MEAN            69.8               68.0     1.8     70.5
DAYS MAX >= 90     1                2.6    -1.6        5
DAYS MAX <= 32     0                0.0     0.0        0
DAYS MIN <= 32     0                0.0     0.0        0
DAYS MIN <= 0      0                0.0     0.0        0

PRECIPITATION (INCHES)
RECORD
 MAXIMUM       12.57   1996
 MINIMUM        0.02   1978
TOTALS          1.79               3.96   -2.17     2.62
DAYS >= .01        8                8.5    -0.5        5
DAYS >= .10        5                5.1    -0.1        3
DAYS >= .50        1                2.5    -1.5        3
DAYS >= 1.00       0                1.2    -1.2        1
GREATEST
 24 HR. TOTAL   0.82                                1.37

SNOWFALL (INCHES)
TOTALS           0.0                0.0     0.0      0.0
DAYS >= TRACE      0                0.0     0.0        0
DAYS >= 1.0        0                0.0     0.0        0
GREATEST
 24 HR TOTAL      MM                                  MM

DEGREE DAYS
HEATING TOTAL     32                 46     -14       17
COOLING TOTAL    184                136      48      188
..............................................................

WIND (MPH)
AVERAGE WIND SPEED              4.0
RESULTANT WIND SPEED/DIRECTION   1/040
HIGHEST WIND SPEED/DIRECTION    30/030    DATE  09/30
HIGHEST GUST SPEED/DIRECTION    49/040    DATE  09/30

SKY COVER
AVERAGE SKY COVER           0.29

AVERAGE RH (PERCENT)     67

WEATHER CONDITIONS. NUMBER OF DAYS WITH
THUNDERSTORM              3     MIXED PRECIP               0
HEAVY RAIN                2     RAIN                       3
LIGHT RAIN               10     FREEZING RAIN              0
LT FREEZING RAIN          0     HAIL                       0
HEAVY SNOW                0     SNOW                       0
LIGHT SNOW                0     SLEET                      0
FOG                      16     FOG W/VIS <= 1/4 MILE      2
HAZE                      0

-  INDICATES NEGATIVE NUMBERS.
R  INDICATES RECORD WAS SET OR TIED.
MM INDICATES DATA IS MISSING.
T  INDICATES TRACE AMOUNT.

$$
