000
CXUS54 KLZK 020310
CLMLZK

CLIMATE REPORT
NATIONAL WEATHER SERVICE LITTLE ROCK AR
1010 PM CDT SAT OCT 01 2022

...................................

...THE NORTH LITTLE ROCK CLIMATE SUMMARY FOR THE MONTH OF SEPTEMBER 2022...

CLIMATE NORMAL PERIOD 1991 TO 2020
CLIMATE RECORD PERIOD 1975 TO 2022

WEATHER         OBSERVED          NORMAL  DEPART   LAST YEAR`S
                VALUE   DATE(S)   VALUE   FROM     VALUE DATE(S)
                                          NORMAL
................................................................
TEMPERATURE (F)
RECORD
 HIGH            105   09/03/2000
 LOW              41   09/24/1989
HIGHEST           99   09/21         85      14       96  09/01
                                                          09/04
LOWEST            49   09/29         65     -16       54  09/23
AVG. MAXIMUM    87.0               83.9     3.1     86.2
AVG. MINIMUM    65.0               63.9     1.1     65.7
MEAN            76.0               73.9     2.1     75.9
DAYS MAX >= 90     8                9.0    -1.0        4
DAYS MAX <= 32     0                0.0     0.0        0
DAYS MIN <= 32     0                0.0     0.0        0
DAYS MIN <= 0      0                0.0     0.0        0

PRECIPITATION (INCHES)
RECORD
 MAXIMUM        8.57   2008
 MINIMUM        0.28   2017
TOTALS          1.06               3.05   -1.99     1.86
DAILY AVG.      0.04               0.10   -0.06     0.06
DAYS >= .01        5                6.9    -1.9       MM
DAYS >= .10        3                                  MM
DAYS >= .50        1                                  MM
DAYS >= 1.00       0                0.9    -0.9       MM
GREATEST
 24 HR. TOTAL   0.51   09/05 TO 09/05
 STORM TOTAL    0.51
 (MM/DD(HH))

SNOWFALL (INCHES)
RECORDS
 TOTAL            MM   MM
 24 HR TOTAL      MM
 SNOW DEPTH       MM   MM
TOTALS           0.0                0.0     0.0      0.0
 LIQUID EQUIV   0.00               0.00    0.00     0.00
SINCE 7/1        0.0                0.0     0.0       MM
 LIQUID 7/1     0.00               0.00    0.00       MM
SNOWDEPTH AVG.     0
DAYS >= TRACE      0                0.0     0.0        0
DAYS >= 1.0        0                                   0
GREATEST
 SNOW DEPTH        0
 24 HR TOTAL     0.0    MM                           0.0

DEGREE DAYS
HEATING TOTAL      3                 12      -9        0
 SINCE 7/1         3                  9      -6       MM
COOLING TOTAL    340                279      61      336
 SINCE 1/1      2198               1923     275       MM

FREEZE DATES
RECORD
 EARLIEST     10/20/1989
 LATEST       04/19/1983
EARLIEST                        MM
LATEST                          03/13
................................................................

WIND (MPH)
AVERAGE WIND SPEED              MM
HIGHEST WIND SPEED/DIRECTION    MM        DATE   MM
HIGHEST GUST SPEED/DIRECTION    MM        DATE   MM

SKY COVER
POSSIBLE SUNSHINE (PERCENT)   MM
AVERAGE SKY COVER             MM
NUMBER OF DAYS FAIR            0
NUMBER OF DAYS PC              0
NUMBER OF DAYS CLOUDY          0


WEATHER CONDITIONS. NUMBER OF DAYS WITH
THUNDERSTORM              4     MIXED PRECIP               0
HEAVY RAIN                3     RAIN                       4
LIGHT RAIN                8     FREEZING RAIN              0
LT FREEZING RAIN          0     HAIL                       0
HEAVY SNOW                0     SLEET                      0
FOG                       0     FOG W/VIS <= 1/4 MILE      0
HAZE                      1

-  INDICATES NEGATIVE NUMBERS.
R  INDICATES RECORD WAS SET OR TIED.
MM INDICATES DATA IS MISSING.
T  INDICATES TRACE AMOUNT.

$$
