000
CXUS56 KHNX 012108
CLMMAE

CLIMATE REPORT
NATIONAL WEATHER SERVICE
208 PM PDT SAT OCT 01 2022

...................................

...THE MADERA CA AIRPORT CLIMATE SUMMARY FOR THE MONTH OF SEPTEMBER 2022...

CLIMATE NORMAL PERIOD 1991 TO 2020
CLIMATE RECORD PERIOD 1898 TO 2022

WEATHER         OBSERVED          NORMAL  DEPART   LAST YEAR`S
                VALUE   DATE(S)   VALUE   FROM     VALUE DATE(S)
                                          NORMAL
................................................................
TEMPERATURE (F)
RECORD
 HIGH            115   09/06/2022

 LOW              34   09/30/1950
HIGHEST          115R  09/06         MM              106  09/09
LOWEST            53   09/16         MM               46  09/29
MEAN            78.3               74.8     3.5     75.2
DAYS MAX >= 90    20               18.7     1.3       21
DAYS MIN <= 32     0                0.0     0.0        0

PRECIPITATION (INCHES)
RECORD
 MAXIMUM        1.68   1959
 MINIMUM        0.00   2018
TOTALS          0.54               0.03    0.51
DAYS >= .01        3                0.6     2.4        0
DAYS >= .10        1                0.1     0.9        0
DAYS >= .50        0                0.0     0.0        0
DAYS >= 1.00       0                0.0     0.0        0

SNOWFALL (INCHES)
RECORDS
 TOTAL            MM   MM
TOTALS           0.0                 MM

DEGREE DAYS
HEATING TOTAL      0                  4      -4        2
 SINCE 7/1         0                  0       0       MM
COOLING TOTAL    404                296     108      314
 SINCE 1/1      1929               1673     256       MM
................................................................

WIND (MPH)
AVERAGE WIND SPEED              6.0
HIGHEST WIND SPEED/DIRECTION    24/140    DATE  09/18
HIGHEST GUST SPEED/DIRECTION    31/120    DATE  09/18

AVERAGE RH (PERCENT)     50

WEATHER CONDITIONS. NUMBER OF DAYS WITH
THUNDERSTORM              0     RAIN                       1
HAIL                      0     FOG                        5
FOG W/VIS <= 1/4 MILE     0     HAZE                       6

-  INDICATES NEGATIVE NUMBERS.
R  INDICATES RECORD WAS SET OR TIED.
MM INDICATES DATA IS MISSING.
T  INDICATES TRACE AMOUNT.

$$
