000
CXUS54 KMAF 012115
CLMMAF

CLIMATE REPORT
NATIONAL WEATHER SERVICE MIDLAND/ODESSA TX
415 PM CDT THU SEP 01 2022

...................................

...THE MIDLAND INTERNATIONAL AIRPORT CLIMATE SUMMARY FOR THE MONTH OF AUGUST 2022...

CLIMATE NORMAL PERIOD 1991 TO 2020
CLIMATE RECORD PERIOD 1930 TO 2022

WEATHER         OBSERVED          NORMAL  DEPART   LAST YEAR`S
                VALUE   DATE(S)   VALUE   FROM     VALUE DATE(S)
                                          NORMAL
................................................................
TEMPERATURE (F)
RECORD
 HIGH            113   08/26/2019
 LOW              57   08/26/2010
HIGHEST          103   08/03         93      10      100  08/08
LOWEST            65   08/29         68      -3       58  08/04
AVG. MAXIMUM    92.4               94.8    -2.4     91.2
AVG. MINIMUM    71.4               71.7    -0.3     68.4
MEAN            81.9               83.2    -1.3     79.8
DAYS MAX >= 90    23               25.7    -2.7       21
DAYS MAX <= 32     0                0.0     0.0        0
DAYS MIN <= 32     0                0.0     0.0        0
DAYS MIN <= 0      0                0.0     0.0        0

PRECIPITATION (INCHES)
RECORD
 MAXIMUM        5.92   2006
 MINIMUM        0.00   1936
TOTALS          4.06               1.72    2.34     0.84
DAILY AVG.      0.13               0.06    0.07     0.03
DAYS >= .01       10                5.3     4.7        7
DAYS >= .10        6                2.8     3.2        3
DAYS >= .50        2                1.2     0.8        0
DAYS >= 1.00       1                0.5     0.5        0
GREATEST
 24 HR. TOTAL   2.43   08/20 TO 08/21               0.46

DEGREE DAYS
COOLING TOTAL    529                566     -37      464
 SINCE 1/1      2448               2187     261       MM
................................................................

WIND (MPH)
AVERAGE WIND SPEED              9.6
HIGHEST WIND SPEED/DIRECTION    41/010    DATE  08/29
HIGHEST GUST SPEED/DIRECTION    51/360    DATE  08/29

SKY COVER
POSSIBLE SUNSHINE (PERCENT)   MM
AVERAGE SKY COVER           0.27
NUMBER OF DAYS FAIR           23
NUMBER OF DAYS PC              6
NUMBER OF DAYS CLOUDY          2

AVERAGE RH (PERCENT)     55

WEATHER CONDITIONS. NUMBER OF DAYS WITH
THUNDERSTORM              7     MIXED PRECIP               0
HEAVY RAIN                6     RAIN                       4
LIGHT RAIN               11     FREEZING RAIN              0
LT FREEZING RAIN          0     HAIL                       0
HEAVY SNOW                0     SNOW                       0
LIGHT SNOW                0     SLEET                      0
FOG                      10     FOG W/VIS <= 1/4 MILE      1
HAZE                     19

-  INDICATES NEGATIVE NUMBERS.
R  INDICATES RECORD WAS SET OR TIED.
MM INDICATES DATA IS MISSING.
T  INDICATES TRACE AMOUNT.

$$
