000
CXUS52 KTAE 011341
CLMMAI

CLIMATE REPORT
NATIONAL WEATHER SERVICE TALLAHASSEE FL
941 AM EDT SAT OCT 01 2022

...................................

...THE MARIANNA CLIMATE SUMMARY FOR THE MONTH OF SEPTEMBER 2022...

CLIMATE NORMAL PERIOD 1991 TO 2020
CLIMATE RECORD PERIOD 1950 TO 2022

WEATHER         OBSERVED          NORMAL  DEPART   LAST YEAR`S
                VALUE   DATE(S)   VALUE   FROM     VALUE DATE(S)
                                          NORMAL
................................................................
TEMPERATURE (F)
RECORD
 HIGH             MM   MM
 LOW              51   09/30/2020
HIGHEST           98   09/22         MM      MM       91  09/06
                                                          09/07
                                                          09/21
LOWEST            55   09/29         MM      MM       53  09/24
AVG. MAXIMUM    88.4               88.7    -0.3     86.1
AVG. MINIMUM    66.5               68.6    -2.1     69.1
MEAN            77.4               78.7    -1.3     77.6
DAYS MAX >= 90    15               15.8    -0.8        4
DAYS MAX <= 32     0                0.0     0.0        0
DAYS MIN <= 32     0                0.0     0.0        0
DAYS MIN <= 0      0                0.0     0.0        0

PRECIPITATION (INCHES)
RECORD
 MAXIMUM       14.91
 MINIMUM        0.00
TOTALS          0.96               4.06   -3.10     0.00

SNOWFALL (INCHES)
TOTALS           0.0

DEGREE DAYS
HEATING TOTAL      0                  0       0        0
 SINCE 7/1         0                  0       0       MM
COOLING TOTAL    381                410     -29      387
 SINCE 1/1      2525               2517       8       MM
................................................................

WIND (MPH)
AVERAGE WIND SPEED              5.5
RESULTANT WIND SPEED/DIRECTION   3/040
HIGHEST WIND SPEED/DIRECTION    26/050    DATE  09/28
HIGHEST GUST SPEED/DIRECTION    36/030    DATE  09/29

SKY COVER
POSSIBLE SUNSHINE (PERCENT)   MM
AVERAGE SKY COVER           0.20
NUMBER OF DAYS FAIR           23
NUMBER OF DAYS PC              7
NUMBER OF DAYS CLOUDY          0

AVERAGE RH (PERCENT)     69

WEATHER CONDITIONS. NUMBER OF DAYS WITH
THUNDERSTORM              7     MIXED PRECIP               0
HEAVY RAIN                1     RAIN                       2
LIGHT RAIN                8     FREEZING RAIN              0
LT FREEZING RAIN          0     HAIL                       0
HEAVY SNOW                0     SNOW                       0
LIGHT SNOW                0     SLEET                      0
FOG                      12     FOG W/VIS <= 1/4 MILE      2
HAZE                      1

-  INDICATES NEGATIVE NUMBERS.
R  INDICATES RECORD WAS SET OR TIED.
MM INDICATES DATA IS MISSING.
T  INDICATES TRACE AMOUNT.

$$
