000
CXUS53 KABR 011315
CLMMBG

CLIMATE REPORT
NATIONAL WEATHER SERVICE ABERDEEN SD
815 AM CDT THU SEP 01 2022

...................................

...THE MOBRIDGE SD CLIMATE SUMMARY FOR THE MONTH OF AUGUST 2022...

CLIMATE NORMAL PERIOD 1991 TO 2020
CLIMATE RECORD PERIOD 1911 TO 2022

WEATHER         OBSERVED          NORMAL  DEPART   LAST YEAR`S
                VALUE   DATE(S)   VALUE   FROM     VALUE DATE(S)
                                          NORMAL
................................................................
TEMPERATURE (F)
RECORD
 HIGH            110   08/09/1947
 LOW              32   08/30/1935
HIGHEST          106   08/02         85      21      103  08/17
LOWEST            50   08/30         MM      MM       49  08/13
AVG. MAXIMUM    89.0               86.0     3.0     88.5
AVG. MINIMUM    62.5               59.6     2.9     60.7
MEAN            75.7               72.8     2.9     74.6
DAYS MAX >= 90    17                9.0     8.0       14
DAYS MAX <= 32     0                0.0     0.0        0
DAYS MIN <= 32     0                0.0     0.0        0
DAYS MIN <= 0      0                0.0     0.0        0

PRECIPITATION (INCHES)
RECORD
 MAXIMUM        6.20   2007
 MINIMUM        0.19   2001
TOTALS          1.34               2.05   -0.71     4.29
DAYS >= .01        6                8.3    -2.3       11
DAYS >= .10        4                3.8     0.2        6
DAYS >= .50        1                1.4    -0.4        4
DAYS >= 1.00       0                0.4    -0.4        1

SNOWFALL (INCHES)
RECORDS
 TOTAL            MM   0
 SNOW DEPTH       MM   MM
TOTALS           0.0                0.0     0.0      0.0
SINCE 7/1        0.0                0.0     0.0       MM
SNOWDEPTH AVG.     0                                   0
DAYS >= TRACE      0                0.0     0.0        0
DAYS >= 1.0        0                0.0     0.0        0
GREATEST
 SNOW DEPTH        0                                   0  MM

DEGREE DAYS
HEATING TOTAL      0                 13     -13        1
 SINCE 7/1         0                 15     -15       MM
COOLING TOTAL    343                254      89      304
 SINCE 1/1       823                721     102       MM

FREEZE DATES
RECORD
 EARLIEST     MM
 LATEST       MM
EARLIEST                        MM
LATEST                          05/22
................................................................

WIND (MPH)
AVERAGE WIND SPEED              10.0
RESULTANT WIND SPEED/DIRECTION   4/110
HIGHEST WIND SPEED/DIRECTION    36/360    DATE  08/23
HIGHEST GUST SPEED/DIRECTION    52/360    DATE  08/23

SKY COVER
POSSIBLE SUNSHINE (PERCENT)   MM
AVERAGE SKY COVER           0.18
NUMBER OF DAYS FAIR           24
NUMBER OF DAYS PC              7
NUMBER OF DAYS CLOUDY          0

AVERAGE RH (PERCENT)     60

WEATHER CONDITIONS. NUMBER OF DAYS WITH
THUNDERSTORM              3     MIXED PRECIP               0
HEAVY RAIN                2     RAIN                       3
LIGHT RAIN                9     FREEZING RAIN              0
LT FREEZING RAIN          0     HAIL                       0
HEAVY SNOW                0     SNOW                       0
LIGHT SNOW                0     SLEET                      0
FOG                       7     FOG W/VIS <= 1/4 MILE      2
HAZE                      0

-  INDICATES NEGATIVE NUMBERS.
R  INDICATES RECORD WAS SET OR TIED.
MM INDICATES DATA IS MISSING.
T  INDICATES TRACE AMOUNT.

$$
