000
CXUS56 KHNX 012116
CLMMCE

CLIMATE REPORT
NATIONAL WEATHER SERVICE
216 PM PDT THU SEP 01 2022

...................................

...THE MERCED CA AIRPORT CLIMATE SUMMARY FOR THE MONTH OF AUGUST 2022...

CLIMATE NORMAL PERIOD 1991 TO 2020
CLIMATE RECORD PERIOD 1928 TO 2022

WEATHER         OBSERVED          NORMAL  DEPART   LAST YEAR`S
                VALUE   DATE(S)   VALUE   FROM     VALUE DATE(S)
                                          NORMAL
................................................................
TEMPERATURE (F)
RECORD
 HIGH            108   08/11/2012
 LOW              50   08/29/2010
                       08/28/2010
                       12/22/1998
HIGHEST          106   08/20         MM              108  08/30
LOWEST            58   08/13         MM               57  08/18
                                                          08/26
MEAN            81.5               77.9     3.6     79.8
DAYS MAX >= 90    31               25.6     5.4       28
DAYS MIN <= 32     0                0.0     0.0        0

PRECIPITATION (INCHES)
RECORD
 MAXIMUM        0.49   1965
 MINIMUM        0.00   2022
TOTALS          0.00               0.00    0.00
DAYS >= .01        0                0.0     0.0        0
DAYS >= .10        0                0.0     0.0        0
DAYS >= .50        0                0.0     0.0        0
DAYS >= 1.00       0                0.0     0.0        0

SNOWFALL (INCHES)
RECORDS
 TOTAL           0.0
TOTALS           0.0                 MM

DEGREE DAYS
HEATING TOTAL      0                  0       0        0
 SINCE 7/1         0                  0       0       MM
COOLING TOTAL    521                398     123      465
 SINCE 1/1      1611               1256     355       MM
................................................................

WIND (MPH)
AVERAGE WIND SPEED              7.3
HIGHEST WIND SPEED/DIRECTION    18/330    DATE  08/09
                                18/330          08/22
HIGHEST GUST SPEED/DIRECTION    23/320    DATE  08/22

AVERAGE RH (PERCENT)     45

WEATHER CONDITIONS. NUMBER OF DAYS WITH
THUNDERSTORM              0     RAIN                       0
HAIL                      0     FOG                        0
FOG W/VIS <= 1/4 MILE     0     HAZE                       3

-  INDICATES NEGATIVE NUMBERS.
R  INDICATES RECORD WAS SET OR TIED.
MM INDICATES DATA IS MISSING.
T  INDICATES TRACE AMOUNT.

$$
