000
CXAK59 PAFG 011032
CLMMCG

CLIMATE REPORT
NATIONAL WEATHER SERVICE FAIRBANKS AK
232 AM AKDT THU SEP 01 2022

...................................

...THE MCGRATH AK CLIMATE SUMMARY FOR THE MONTH OF AUGUST 2022...

CLIMATE NORMAL PERIOD 1991 TO 2020
CLIMATE RECORD PERIOD 1946 TO 2022

WEATHER         OBSERVED          NORMAL  DEPART   LAST YEAR`S
                VALUE   DATE(S)   VALUE   FROM     VALUE DATE(S)
                                          NORMAL
................................................................
TEMPERATURE (F)
RECORD
 HIGH             89   08/21/1977
 LOW              25   08/28/1984
HIGHEST           75   08/03         MM      MM       MM  MM
LOWEST            34   08/10         MM      MM       MM  MM
AVG. MAXIMUM    60.8               64.0    -3.2       MM
AVG. MINIMUM    45.7               47.8    -2.1       MM
MEAN            53.3               55.9    -2.6       MM
DAYS MAX >= 90     0                0.0     0.0        0
DAYS MAX <= 32     0                0.0     0.0        0
DAYS MIN <= 32     0                0.6    -0.6        0
DAYS MIN <= 0      0                0.0     0.0        0

PRECIPITATION (INCHES)
RECORD
 MAXIMUM        6.28   1945
 MINIMUM        0.80
TOTALS          3.49               2.91    0.58       MM
DAILY AVG.      0.13               0.09    0.04        T
DAYS >= .01       20               16.3     3.7        0
DAYS >= .10       12                8.7     3.3        0
DAYS >= .50        1                1.4    -0.4        0
DAYS >= 1.00       0                0.1    -0.1        0
GREATEST
 24 HR. TOTAL   0.95   08/30 TO 08/31               0.37


DEGREE DAYS
HEATING TOTAL    301                285      16       MM
 SINCE 7/1       419                431     -12       MM
COOLING TOTAL      0                  3      -3       MM
 SINCE 1/1         2                 31     -29       MM
................................................................

WIND (MPH)
AVERAGE WIND SPEED              4.4
HIGHEST WIND SPEED/DIRECTION    25/190    DATE  08/07
HIGHEST GUST SPEED/DIRECTION    39/200    DATE  08/07

SKY COVER
AVERAGE SKY COVER           0.76
NUMBER OF DAYS FAIR            2


WEATHER CONDITIONS. NUMBER OF DAYS WITH
THUNDERSTORM              0     MIXED PRECIP               0
HEAVY RAIN                2     RAIN                      11
LIGHT RAIN               26     FREEZING RAIN              0
LT FREEZING RAIN          0     HAIL                       0
HEAVY SNOW                0     SNOW                       0
LIGHT SNOW                0     SLEET                      0
FOG                      21     FOG W/VIS <= 1/4 MILE      4
HAZE                      2

-  INDICATES NEGATIVE NUMBERS.
R  INDICATES RECORD WAS SET OR TIED.
MM INDICATES DATA IS MISSING.
T  INDICATES TRACE AMOUNT.

$$
