000
CXUS53 KEAX 011053
CLMMCI

CLIMATE REPORT
NATIONAL WEATHER SERVICE KANSAS CITY/PLEASANT HILL MO
553 AM CDT THU SEP 01 2022

...................................

...THE KANSAS CITY INTERNATIONAL MO CLIMATE SUMMARY FOR THE MONTH OF AUGUST 2022...

CLIMATE NORMAL PERIOD: 1991 TO 2020
CLIMATE RECORD PERIOD: 1888 TO 2022

WEATHER         OBSERVED          NORMAL  DEPART   LAST YEAR`S
                VALUE   DATE(S)   VALUE   FROM     VALUE DATE(S)
                                          NORMAL
................................................................
TEMPERATURE (F)
RECORD
 HIGH            113   08/14/1936
 LOW              43   08/28/1986
HIGHEST          100   08/02         99       1       98  08/11
                       08/06
LOWEST            59   08/31         55       4       61  08/02
                                                          08/03
AVG. MAXIMUM    89.7               87.1     2.6     89.9
AVG. MINIMUM    68.2               66.3     1.9     69.7
MEAN            79.0               76.7     2.3     79.8
DAYS MAX >= 90    15               11.6     3.4       16
DAYS MAX <= 32     0                0.0     0.0        0
DAYS MIN <= 32     0                0.0     0.0        0
DAYS MIN <= 0      0                0.0     0.0        0

PRECIPITATION (INCHES)
RECORD
 MAXIMUM       10.19   2017
 MINIMUM        0.13   1894
TOTALS          2.41               4.24   -1.83     5.24
DAILY AVG.      0.08               0.14   -0.06     0.17
DAYS >= .01        6                8.4    -2.4        9
DAYS >= .10        3                5.5    -2.5        7
DAYS >= .50        2                2.7    -0.7        4
DAYS >= 1.00       1                1.3    -0.3        2
GREATEST
 24 HR. TOTAL   1.19   08/16 TO 08/16

SNOWFALL (INCHES)
RECORDS
 TOTAL             T   2021
TOTALS           0.0                0.0     0.0        T
SINCE 7/1        0.0                0.0     0.0       MM
SNOWDEPTH AVG.     0                                   0
DAYS >= 1.0        0                0.0     0.0        0
GREATEST
 SNOW DEPTH        0                                   0  MM
 24 HR TOTAL      MM

DEGREE DAYS
HEATING TOTAL      0                  2      -2        0
 SINCE 7/1         0                  0       0       MM
COOLING TOTAL    438                364      74      466
 SINCE 1/1      1402               1173     229       MM
................................................................

WIND (MPH)
AVERAGE WIND SPEED              7.8
HIGHEST WIND SPEED/DIRECTION    38/150    DATE  08/27
HIGHEST GUST SPEED/DIRECTION    51/170    DATE  08/27

SKY COVER
POSSIBLE SUNSHINE (PERCENT)   MM
AVERAGE SKY COVER           0.40
NUMBER OF DAYS FAIR           15
NUMBER OF DAYS PC             14
NUMBER OF DAYS CLOUDY          2

AVERAGE RH (PERCENT)     68

WEATHER CONDITIONS. NUMBER OF DAYS WITH
THUNDERSTORM              5     MIXED PRECIP               0
HEAVY RAIN                2     RAIN                       3
LIGHT RAIN                8     FREEZING RAIN              0
LT FREEZING RAIN          0     HAIL                       0
HEAVY SNOW                0     SNOW                       0
LIGHT SNOW                0     SLEET                      0
FOG                      18     FOG W/VIS <= 1/4 MILE      0
HAZE                     21

-  INDICATES NEGATIVE NUMBERS.
R  INDICATES RECORD WAS SET OR TIED.
MM INDICATES DATA IS MISSING.
T  INDICATES TRACE AMOUNT.

$$
