000
CXUS53 KGLD 010950
CLMMCK

CLIMATE REPORT
NATIONAL WEATHER SERVICE
350 AM MDT SAT OCT 01 2022

...................................

...THE MCCOOK NE CLIMATE SUMMARY FOR THE MONTH OF SEPTEMBER 2022...

CLIMATE NORMAL PERIOD: 1991 TO 2020
CLIMATE RECORD PERIOD: 1896 TO 2022

WEATHER         OBSERVED          NORMAL  DEPART   LAST YEAR`S
                VALUE   DATE(S)   VALUE   FROM     VALUE DATE(S)
                                          NORMAL
................................................................
TEMPERATURE (F)
RECORD
 HIGH            107   09/01/1929
 LOW              22   09/30/1912
HIGHEST          104   09/08         97       7      104  09/11
LOWEST            42   09/11         35       7       33  09/22
                       09/26
AVG. MAXIMUM    87.3               81.4     5.9     88.5
AVG. MINIMUM    52.7               51.5     1.2     53.6
MEAN            70.0               66.4     3.6     71.1
DAYS MAX >= 90    14                8.2     5.8       18
DAYS MAX <= 32     0                0.0     0.0        0
DAYS MIN <= 32     0                0.3    -0.3        0
DAYS MIN <= 0      0                0.0     0.0        0

PRECIPITATION (INCHES)
RECORD
 MAXIMUM        7.11   1973
 MINIMUM        0.06   1978
TOTALS          1.68               1.63    0.05     3.24
DAILY AVG.      0.06               0.05    0.01     0.11
DAYS >= .01        7                6.9     0.1        8
DAYS >= .10        5                3.2     1.8        2
DAYS >= .50        0                0.9    -0.9        1
DAYS >= 1.00       0                0.3    -0.3        1
GREATEST
 24 HR. TOTAL   0.70   09/21 TO 09/22               2.62
 STORM TOTAL    0.48
 (MM/DD(HH))


................................................................



-  INDICATES NEGATIVE NUMBERS.
R  INDICATES RECORD WAS SET OR TIED.
MM INDICATES DATA IS MISSING.
T  INDICATES TRACE AMOUNT.

$$
