000
CXUS52 KFFC 011129
CLMMCN

CLIMATE REPORT
NATIONAL WEATHER SERVICE PEACHTREE CITY GA
729 AM EDT SAT OCT 01 2022

...................................

...THE MACON CLIMATE SUMMARY FOR THE MONTH OF SEPTEMBER 2022...

CLIMATE NORMAL PERIOD: 1991 TO 2020
CLIMATE RECORD PERIOD: 1899 TO 2022

WEATHER         OBSERVED          NORMAL  DEPART   LAST YEAR`S
                VALUE   DATE(S)   VALUE   FROM     VALUE DATE(S)
                                          NORMAL
................................................................
TEMPERATURE (F)
RECORD
 HIGH            105   09/08/1925
 LOW              35   09/30/1967
HIGHEST           98   09/22         MM      MM       93  09/07
LOWEST            48   09/24         MM      MM       50  09/24
AVG. MAXIMUM    85.9               87.6    -1.7     86.4
AVG. MINIMUM    62.8               64.8    -2.0     63.7
MEAN            74.3               76.2    -1.8     75.1
DAYS MAX >= 90     9               11.1    -2.1        8
DAYS MAX <= 32     0                0.0     0.0        0
DAYS MIN <= 32     0                0.0     0.0        0
DAYS MIN <= 0      0                0.0     0.0        0

PRECIPITATION (INCHES)
RECORD
 MAXIMUM       12.66   2004
 MINIMUM        0.02   2019
TOTALS          2.07               3.66   -1.59
DAILY AVG.      0.07               0.12   -0.05     0.14
DAYS >= .01        6                7.1    -1.1        5
DAYS >= .10        3                4.2    -1.2        4
DAYS >= .50        1                1.8    -0.8        2
DAYS >= 1.00       1                1.1    -0.1        1
GREATEST
 24 HR. TOTAL   1.54   09/04 TO 09/04               3.11  09/15 TO 09/16

DEGREE DAYS
HEATING TOTAL      5                  3       2        0
 SINCE 7/1         5                  0       5       MM
COOLING TOTAL    293                338     -45      309
 SINCE 1/1      2253               2190      63       MM
................................................................

WIND (MPH)
AVERAGE WIND SPEED              5.3
HIGHEST WIND SPEED/DIRECTION    28/130    DATE  09/01
                                28/050          09/29
HIGHEST GUST SPEED/DIRECTION    40/040    DATE  09/29

SKY COVER
POSSIBLE SUNSHINE (PERCENT)   MM
AVERAGE SKY COVER           0.25
NUMBER OF DAYS FAIR           21
NUMBER OF DAYS PC              6
NUMBER OF DAYS CLOUDY          3

AVERAGE RH (PERCENT)     72

WEATHER CONDITIONS. NUMBER OF DAYS WITH
THUNDERSTORM              3     MIXED PRECIP               0
HEAVY RAIN                1     RAIN                       3
LIGHT RAIN                5     FREEZING RAIN              0
LT FREEZING RAIN          0     HAIL                       0
HEAVY SNOW                0     SNOW                       0
LIGHT SNOW                0     SLEET                      0
FOG                      18     FOG W/VIS <= 1/4 MILE      4
HAZE                      3

-  INDICATES NEGATIVE NUMBERS.
R  INDICATES RECORD WAS SET OR TIED.
MM INDICATES DATA IS MISSING.
T  INDICATES TRACE AMOUNT.

$$
