000
CXUS52 KMLB 021851 CCA
CLMMCO

CLIMATE REPORT
NATIONAL WEATHER SERVICE MELBOURNE FL
251 PM EDT SUN OCT 02 2022

...................................

...THE ORLANDO INTL CLIMATE SUMMARY FOR THE MONTH OF SEPTEMBER 2022...

CLIMATE NORMAL PERIOD 1991 TO 2020
CLIMATE RECORD PERIOD 1892 TO 2022

WEATHER         OBSERVED          NORMAL  DEPART   LAST YEAR`S
                VALUE   DATE(S)   VALUE   FROM     VALUE
                                          NORMAL
..............................................................
TEMPERATURE (F)
MONTHLY RECORD
 WARMEST        83.9   1988
 COOLEST        75.5   1897
DAILY RECORD
 HIGH            103   09/08/1921
 LOW              50   09/20/1910
SEPTEMBER 2022
HIGHEST           98   09/06                          95
LOWEST            63   09/30                          69
AVG. MAXIMUM    90.9               89.6     1.3     90.9
AVG. MINIMUM    74.0               72.4     1.6     74.4
MEAN            82.5               81.0     1.5     82.7
DAYS MAX >= 90    23               17.6     5.4       23
DAYS MAX <= 32     0                0.0     0.0        0
DAYS MIN <= 32     0                0.0     0.0        0
DAYS MIN <= 0      0                0.0     0.0        0

PRECIPITATION (INCHES)
MONTHLY RECORD
 MAXIMUM       15.87   1945
 MINIMUM        0.43   1972
DAILY RECORD
 MAXIMUM        8.43   09/16/1945
SEPTEMBER 2022
TOTALS         22.42R              6.37   16.05     5.65
DAYS >= .01       17               14.2     2.8       17
DAYS >= .10       13                9.2     3.8       12
DAYS >= .50        8                4.0     4.0        3
DAYS >= 1.00       4                1.8     2.2        2
GREATEST
 24 HR. TOTAL  12.56   09/28 TO 09/29

SNOWFALL (INCHES)
TOTALS           0.0                0.0     0.0      0.0
SINCE 7/1        0.0                0.0     0.0       MM
DAYS >= TRACE      0                                   0

DEGREE DAYS
HEATING TOTAL      0                  0       0        0
 SINCE 7/1         0                  0       0       MM
COOLING TOTAL    531                480      51      540
 SINCE 1/1      3511               2906     605       MM
..............................................................

WIND (MPH)
AVERAGE WIND SPEED              6.7
HIGHEST WIND SPEED/DIRECTION    53/350    DATE  09/29
HIGHEST GUST SPEED/DIRECTION    74/360    DATE  09/29

SKY COVER
POSSIBLE SUNSHINE (PERCENT)   MM
AVERAGE SKY COVER           0.64
NUMBER OF DAYS FAIR            2
NUMBER OF DAYS PC             20
NUMBER OF DAYS CLOUDY          8

AVERAGE RH (PERCENT)     74

WEATHER CONDITIONS. NUMBER OF DAYS WITH
THUNDERSTORM             20     MIXED PRECIP               0
HEAVY RAIN               10     RAIN                      12
LIGHT RAIN               22     LT FREEZING RAIN           0
HAIL                      0     LIGHT SNOW                 0
SLEET                     0     FOG                       14
FOG W/VIS <= 1/4 MILE     2     HAZE                       2

-  INDICATES NEGATIVE NUMBERS.
R  INDICATES RECORD WAS SET OR TIED.
MM INDICATES DATA IS MISSING.
T  INDICATES TRACE AMOUNT.

$$
