000
CXUS52 KMLB 011654
CLMMCO

CLIMATE REPORT
NATIONAL WEATHER SERVICE MELBOURNE FL
1254 PM EDT FRI SEP 01 2023

...................................

...THE ORLANDO INTL CLIMATE SUMMARY FOR THE MONTH OF AUGUST 2023...

CLIMATE NORMAL PERIOD 1991 TO 2020
CLIMATE RECORD PERIOD 1892 TO 2023

WEATHER         OBSERVED          NORMAL  DEPART   LAST YEAR`S
                VALUE   DATE(S)   VALUE   FROM     VALUE
                                          NORMAL
..............................................................
TEMPERATURE (F)
MONTHLY RECORD
 WARMEST        85.4   1903
 COOLEST        79.5   1930
DAILY RECORD
 HIGH            101   08/01/1922
                       08/16/1918
                       08/18/1916
 LOW              63   08/22/1930
AUGUST 2023
HIGHEST          100   08/12                          98
LOWEST            73   08/01                          70
AVG. MAXIMUM    94.4               91.6     2.8     93.8
AVG. MINIMUM    77.4               73.7     3.7     75.5
MEAN            85.9R              82.6     3.3     84.7
DAYS MAX >= 90    29               24.4     4.6       29
DAYS MAX <= 32     0                0.0     0.0        0
DAYS MIN <= 32     0                0.0     0.0        0
DAYS MIN <= 0      0                0.0     0.0        0

PRECIPITATION (INCHES)
MONTHLY RECORD
 MAXIMUM       17.13   1905
 MINIMUM        1.24   1934
DAILY RECORD
 MAXIMUM        4.88   08/09/1928
AUGUST 2023
TOTALS          8.15               7.69    0.46     7.88
DAYS >= .01       10               17.2    -7.2       19
DAYS >= .10        7               11.5    -4.5       13
DAYS >= .50        5                4.7     0.3        5
DAYS >= 1.00       4                2.3     1.7        3
GREATEST
 24 HR. TOTAL   2.56   08/29 TO 08/30

SNOWFALL (INCHES)
TOTALS           0.0                0.0     0.0      0.0
SINCE 7/1        0.0                0.0     0.0       MM
DAYS >= TRACE      0                                   0

DEGREE DAYS
HEATING TOTAL      0                  0       0        0
 SINCE 7/1         0                  0       0       MM
COOLING TOTAL    656                547     109      617
 SINCE 1/1      3061               2426     635       MM
..............................................................

WIND (MPH)
AVERAGE WIND SPEED              6.9
HIGHEST WIND SPEED/DIRECTION    36/290    DATE  08/15
HIGHEST GUST SPEED/DIRECTION    53/280    DATE  08/15

SKY COVER
POSSIBLE SUNSHINE (PERCENT)   MM
AVERAGE SKY COVER           0.50
NUMBER OF DAYS FAIR            4
NUMBER OF DAYS PC             24
NUMBER OF DAYS CLOUDY          3

AVERAGE RH (PERCENT)     74

WEATHER CONDITIONS. NUMBER OF DAYS WITH
THUNDERSTORM             19     MIXED PRECIP               0
HEAVY RAIN                7     RAIN                       6
LIGHT RAIN               13     LT FREEZING RAIN           0
HAIL                      0     LIGHT SNOW                 0
SLEET                     0     FOG                        9
FOG W/VIS <= 1/4 MILE     1     HAZE                       6

-  INDICATES NEGATIVE NUMBERS.
R  INDICATES RECORD WAS SET OR TIED.
MM INDICATES DATA IS MISSING.
T  INDICATES TRACE AMOUNT.

$$
