000
CXUS53 KPAH 021446
CLMMDH

CLIMATE REPORT
NATIONAL WEATHER SERVICE PADUCAH KY
946 AM CDT FRI SEP 02 2022

...................................

...THE CARBONDALE IL CLIMATE SUMMARY FOR THE MONTH OF AUGUST 2022...

CLIMATE NORMAL PERIOD 1991 TO 2020
CLIMATE RECORD PERIOD 1898 TO 2022

WEATHER         OBSERVED          NORMAL  DEPART   LAST YEAR`S
                VALUE   DATE(S)   VALUE   FROM     VALUE DATE(S)
                                          NORMAL
................................................................
TEMPERATURE (F)
RECORD
 HIGH            113   08/09/1930
 LOW              41   08/31/1915
HIGHEST           92   08/08                          94  08/25
                       08/29
                                                          08/26
LOWEST            53   08/31                          54  08/04
                                                          08/05
AVG. MAXIMUM    86.6               87.2    -0.6     88.2
AVG. MINIMUM    64.5               64.8    -0.3     66.5
MEAN            75.5               76.0    -0.5     77.3
DAYS MAX >= 90    11               11.0     0.0       11
DAYS MAX <= 32     0                0.0     0.0        0
DAYS MIN <= 32     0                0.0     0.0        0
DAYS MIN <= 0      0                0.0     0.0        0

PRECIPITATION (INCHES)
RECORD
 MAXIMUM       11.18   1932
 MINIMUM        0.35   1936
TOTALS          2.61               3.05   -0.44     2.04
DAILY AVG.      0.08               0.10   -0.02     0.07
DAYS >= .01        8               11.9    -3.9        6
DAYS >= .10        5                5.6    -0.6        4
DAYS >= .50        1                2.0    -1.0        2
DAYS >= 1.00       1                0.8     0.2        0
GREATEST
 24 HR. TOTAL   1.48   08/03 TO 08/04


DEGREE DAYS
HEATING TOTAL      0                  1      -1        0
 SINCE 7/1         0                  0       0       MM
COOLING TOTAL    334                342      -8      389
 SINCE 1/1      1346               1191     155       MM

FREEZE DATES
EARLIEST                        MM
LATEST                          04/03
................................................................

WIND (MPH)
AVERAGE WIND SPEED              4.8
HIGHEST WIND SPEED/DIRECTION    26/110    DATE  08/02
HIGHEST GUST SPEED/DIRECTION    34/320    DATE  08/20

SKY COVER
POSSIBLE SUNSHINE (PERCENT)   MM
AVERAGE SKY COVER           0.27
NUMBER OF DAYS FAIR           22
NUMBER OF DAYS PC              8
NUMBER OF DAYS CLOUDY          1

AVERAGE RH (PERCENT)     77

WEATHER CONDITIONS. NUMBER OF DAYS WITH
THUNDERSTORM             11     MIXED PRECIP               0
HEAVY RAIN                3     RAIN                       4
LIGHT RAIN               11     FREEZING RAIN              0
LT FREEZING RAIN          0     HAIL                       0
HEAVY SNOW                0     SNOW                       0
LIGHT SNOW                0     SLEET                      0
FOG                      24     FOG W/VIS <= 1/4 MILE     13
HAZE                      1

-  INDICATES NEGATIVE NUMBERS.
R  INDICATES RECORD WAS SET OR TIED.
MM INDICATES DATA IS MISSING.
T  INDICATES TRACE AMOUNT.

$$
