000
CXUS51 KCTP 010634
CLMMDT

CLIMATE REPORT
NATIONAL WEATHER SERVICE STATE COLLEGE PA
234 AM EDT THU SEP 01 2022

...................................

...THE HARRISBURG PA CLIMATE SUMMARY FOR THE MONTH OF AUGUST 2022...

CLIMATE NORMAL PERIOD 1991 TO 2020
CLIMATE RECORD PERIOD 1888 TO 2022

WEATHER         OBSERVED          NORMAL  DEPART   LAST YEAR`S
                VALUE   DATE(S)   VALUE   FROM     VALUE DATE(S)
                                          NORMAL
................................................................
TEMPERATURE (F)
RECORD
 HIGH            104   08/07/1918
                       08/06/1918
 LOW              45   08/31/1976
HIGHEST           95   08/09                          96  08/12
                       08/04
LOWEST            59   08/13                          60  08/03
                                                          08/05
AVG. MAXIMUM    88.1               84.7     3.4     86.8
AVG. MINIMUM    69.5               65.8     3.7     69.9
MEAN            78.8               75.2     3.6     78.3
DAYS MAX >= 90    14                5.5     8.5       12
DAYS MAX <= 32     0                0.0     0.0        0
DAYS MIN <= 32     0                0.0     0.0        0
DAYS MIN <= 0      0                0.0     0.0        0

PRECIPITATION (INCHES)
RECORD
 MAXIMUM       10.67   1933
 MINIMUM        0.53   1995
TOTALS          1.14               3.77   -2.63     5.88
DAILY AVG.      0.04               0.12   -0.08     0.19
DAYS >= .01        8               10.0    -2.0       14
DAYS >= .10        3                6.2    -3.2        9
DAYS >= .50        1                2.5    -1.5        4
DAYS >= 1.00       0                1.0    -1.0        2
GREATEST
 24 HR. TOTAL   0.54   07/31 TO 08/01               1.85  08/17 TO 08/18

SNOWFALL (INCHES)
RECORDS
 TOTAL           0.0   MM
TOTALS           0.0                0.0     0.0      0.0
SINCE 7/1        0.0                0.0     0.0       MM
SNOWDEPTH AVG.     0                                   0
DAYS >= 1.0        0                0.0     0.0        0
GREATEST
 SNOW DEPTH        0                                   0  MM
 24 HR TOTAL      MM                                  MM

DEGREE DAYS
HEATING TOTAL      0                  1      -1        0
 SINCE 7/1         0                  0       0       MM
COOLING TOTAL    435                319     116      421
 SINCE 1/1      1206               1021     185       MM
................................................................

WIND (MPH)
AVERAGE WIND SPEED              6.1
HIGHEST WIND SPEED/DIRECTION    39/300    DATE  08/04
HIGHEST GUST SPEED/DIRECTION    50/300    DATE  08/04

SKY COVER
POSSIBLE SUNSHINE (PERCENT)   MM
AVERAGE SKY COVER           0.50
NUMBER OF DAYS FAIR            8
NUMBER OF DAYS PC             18
NUMBER OF DAYS CLOUDY          5

AVERAGE RH (PERCENT)     61

WEATHER CONDITIONS. NUMBER OF DAYS WITH
THUNDERSTORM             10     MIXED PRECIP               0
HEAVY RAIN                3     RAIN                       3
LIGHT RAIN               12     FREEZING RAIN              0
LT FREEZING RAIN          0     HAIL                       0
HEAVY SNOW                0     SNOW                       0
LIGHT SNOW                0     SLEET                      0
FOG                       2     FOG W/VIS <= 1/4 MILE      0
HAZE                      4

-  INDICATES NEGATIVE NUMBERS.
R  INDICATES RECORD WAS SET OR TIED.
MM INDICATES DATA IS MISSING.
T  INDICATES TRACE AMOUNT.

$$
