000
CXUS54 KMEG 032210
CLMMEG

CLIMATE REPORT
NATIONAL WEATHER SERVICE MEMPHIS TN
510 PM CDT MON OCT 03 2022

...................................

...THE MEMPHIS/GERMANTOWN WFO CLIMATE SUMMARY FOR THE MONTH OF SEPTEMBER 2022...

CLIMATE NORMAL PERIOD 1991 TO 2020
CLIMATE RECORD PERIOD 1988 TO 2022

WEATHER         OBSERVED          NORMAL  DEPART   LAST YEAR`S
                VALUE   DATE(S)   VALUE   FROM     VALUE DATE(S)
                                          NORMAL
................................................................
TEMPERATURE (F)
RECORD
 HIGH            100   09/16/2019
                       09/05/2012
                       09/07/1925
 LOW              40   09/27/1991
HIGHEST           99   09/20         MM      MM       91  09/13
                       09/21
LOWEST            48   09/27         MM      MM       50  09/23
                       09/30
AVG. MAXIMUM    86.0               85.3     0.7     84.1
AVG. MINIMUM    62.1               61.9     0.2     62.8
MEAN            74.1               73.6     0.5     73.4
DAYS MAX >= 90     7                9.6    -2.6        1
DAYS MAX <= 32     0                0.0     0.0        0
DAYS MIN <= 32     0                0.0     0.0        0
DAYS MIN <= 0      0                0.0     0.0        0

PRECIPITATION (INCHES)
RECORD
 MAXIMUM        3.69   2021
 MINIMUM        3.69   2021
TOTALS          3.36R              3.74   -0.38     3.69
DAILY AVG.      0.11               0.12   -0.01     0.12
DAYS >= .01        3                7.3    -4.3       11
DAYS >= .10        3                4.5    -1.5        6
DAYS >= .50        3                2.0     1.0        3
DAYS >= 1.00       1                1.0     0.0        1
GREATEST
 24 HR. TOTAL   1.65   09/03 TO 09/03

SNOWFALL (INCHES)
RECORDS
 TOTAL            MM   5
TOTALS           0.0                0.0     0.0      0.0
SINCE 7/1        0.0                0.0     0.0       MM
SNOWDEPTH AVG.     0                                   0
DAYS >= 1.0        0                0.0     0.0        0
GREATEST
 SNOW DEPTH        0                                   0  MM
 24 HR TOTAL      MM

DEGREE DAYS
HEATING TOTAL     10                 15      -5        2
 SINCE 7/1        10                 13      -3       MM
COOLING TOTAL    286                272      14      263
 SINCE 1/1      2177               1893     284       MM
................................................................



-  INDICATES NEGATIVE NUMBERS.
R  INDICATES RECORD WAS SET OR TIED.
MM INDICATES DATA IS MISSING.
T  INDICATES TRACE AMOUNT.

$$
