000
CXUS54 KJAN 012031
CLMMEI

CLIMATE REPORT
NATIONAL WEATHER SERVICE JACKSON MS
331 PM CDT THU SEP 01 2022

...................................

...THE MERIDIAN CLIMATE SUMMARY FOR THE MONTH OF AUGUST 2022...

CLIMATE NORMAL PERIOD: 1991 TO 2020
CLIMATE RECORD PERIOD: 1889 TO 2022

WEATHER         OBSERVED          NORMAL  DEPART   LAST YEAR`S
                VALUE   DATE(S)   VALUE   FROM     VALUE DATE(S)
                                          NORMAL
................................................................
TEMPERATURE (F)
RECORD
 HIGH            106   08/29/2000
 LOW              49   08/25/1891
HIGHEST           96   08/16         98      -2       96  08/01
LOWEST            69   08/24         62       7       65  08/05
AVG. MAXIMUM    89.5               93.1    -3.6     89.4
AVG. MINIMUM    72.1               71.3     0.8     70.8
MEAN            80.8               82.2    -1.4     80.1
DAYS MAX >= 90    21               23.2    -2.2       16
DAYS MAX <= 32     0                0.0     0.0        0
DAYS MIN <= 32     0                0.0     0.0        0
DAYS MIN <= 0      0                0.0     0.0        0

PRECIPITATION (INCHES)
RECORD
 MAXIMUM       12.10   1919
 MINIMUM        0.41   1947
TOTALS         11.42               4.36    7.06     6.33
DAILY AVG.      0.37               0.14    0.23     0.20
DAYS >= .01       15                9.9     5.1       14
DAYS >= .10       11                6.3     4.7        5
DAYS >= .50        6                2.8     3.2        3
DAYS >= 1.00       5                1.2     3.8        2
GREATEST
 24 HR. TOTAL   4.79   08/23 TO 08/24               3.50

SNOWFALL (INCHES)
RECORDS
 TOTAL           0.0   MM
TOTALS           0.0                0.0     0.0      0.0
SINCE 7/1        0.0                0.0     0.0       MM
DAYS >= TRACE      0
DAYS >= 1.0        0                0.0     0.0        0
GREATEST
 24 HR TOTAL      MM

DEGREE DAYS
HEATING TOTAL      0                  0       0        0
 SINCE 7/1         0                  0       0       MM
COOLING TOTAL    498                533     -35      473
 SINCE 1/1      2159               1946     213       MM
................................................................

WIND (MPH)
AVERAGE WIND SPEED              3.4
HIGHEST WIND SPEED/DIRECTION    29/190    DATE  08/20
HIGHEST GUST SPEED/DIRECTION    42/200    DATE  08/20

SKY COVER
POSSIBLE SUNSHINE (PERCENT)   MM
AVERAGE SKY COVER           0.39
NUMBER OF DAYS FAIR           16
NUMBER OF DAYS PC             11
NUMBER OF DAYS CLOUDY          4

AVERAGE RH (PERCENT)     79

WEATHER CONDITIONS. NUMBER OF DAYS WITH
THUNDERSTORM             15     MIXED PRECIP               0
HEAVY RAIN                8     RAIN                      12
LIGHT RAIN               18     FREEZING RAIN              0
LT FREEZING RAIN          0     HAIL                       0
HEAVY SNOW                0     SNOW                       0
LIGHT SNOW                0     SLEET                      0
FOG                      22     FOG W/VIS <= 1/4 MILE      4
HAZE                      1

-  INDICATES NEGATIVE NUMBERS.
R  INDICATES RECORD WAS SET OR TIED.
MM INDICATES DATA IS MISSING.
T  INDICATES TRACE AMOUNT.

$$
