000
CXUS54 KMEG 052132
CLMMEM

CLIMATE REPORT
NATIONAL WEATHER SERVICE MEMPHIS TN
432 PM CDT MON SEP 05 2022

...................................

...THE MEMPHIS CLIMATE SUMMARY FOR THE MONTH OF AUGUST 2022...

CLIMATE NORMAL PERIOD 1991 TO 2020
CLIMATE RECORD PERIOD 1872 TO 2022

WEATHER         OBSERVED          NORMAL  DEPART   LAST YEAR`S
                VALUE   DATE(S)   VALUE   FROM     VALUE DATE(S)
                                          NORMAL
................................................................
TEMPERATURE (F)
RECORD
 HIGH            107   08/30/2000
 LOW              48   08/31/1946
HIGHEST           98   08/27         91       7       96  08/24
                                                          08/25
                                                          08/26
LOWEST            68   08/13         71      -3       68  08/04
                       08/17
                                                          08/05
AVG. MAXIMUM    91.8               91.5     0.3     91.5
AVG. MINIMUM    74.1               72.6     1.5     74.5
MEAN            83.0               82.1     0.9     83.0
DAYS MAX >= 90    26               20.2     5.8       20
DAYS MAX <= 32     0                0.0     0.0        0
DAYS MIN <= 32     0                0.0     0.0        0
DAYS MIN <= 0      0                0.0     0.0        0

PRECIPITATION (INCHES)
RECORD
 MAXIMUM       10.60   1915
 MINIMUM        0.40   1936
TOTALS          5.95               3.37    2.58     2.40
DAILY AVG.      0.19               0.11    0.08     0.08
DAYS >= .01       10                7.6     2.4        5
DAYS >= .10        7                4.9     2.1        4
DAYS >= .50        6                2.3     3.7        2
DAYS >= 1.00       3                1.1     1.9        1
GREATEST
 24 HR. TOTAL   1.89   08/10 TO 08/11

SNOWFALL (INCHES)
RECORDS
 TOTAL           0.0   2002
TOTALS           0.0                0.0     0.0      0.0
SINCE 7/1        0.0                0.0     0.0       MM
SNOWDEPTH AVG.     0                                   0
DAYS >= 1.0        0                0.0     0.0        0
GREATEST
 SNOW DEPTH        0                                   0  MM
 24 HR TOTAL      MM

DEGREE DAYS
HEATING TOTAL      0                  0       0        0
 SINCE 7/1         0                  0       0       MM
COOLING TOTAL    565                528      37      566
 SINCE 1/1      2189               1862     327       MM
................................................................

WIND (MPH)
AVERAGE WIND SPEED              6.1
HIGHEST WIND SPEED/DIRECTION    32/180    DATE  08/09
HIGHEST GUST SPEED/DIRECTION    40/290    DATE  08/08

SKY COVER
POSSIBLE SUNSHINE (PERCENT)   MM
AVERAGE SKY COVER           0.54
NUMBER OF DAYS FAIR            5
NUMBER OF DAYS PC             18
NUMBER OF DAYS CLOUDY          8

AVERAGE RH (PERCENT)     69

WEATHER CONDITIONS. NUMBER OF DAYS WITH
THUNDERSTORM              5     MIXED PRECIP               0
HEAVY RAIN                5     RAIN                       4
LIGHT RAIN               12     FREEZING RAIN              0
LT FREEZING RAIN          0     HAIL                       0
HEAVY SNOW                0     SNOW                       0
LIGHT SNOW                0     SLEET                      0
FOG                       9     FOG W/VIS <= 1/4 MILE      0
HAZE                      5

-  INDICATES NEGATIVE NUMBERS.
R  INDICATES RECORD WAS SET OR TIED.
MM INDICATES DATA IS MISSING.
T  INDICATES TRACE AMOUNT.

$$
