000
CXUS51 KCLE 021834
CLMMFD

CLIMATE REPORT
NATIONAL WEATHER SERVICE CLEVELAND, OH
234 PM EDT FRI SEP 02 2022

...................................

...THE MANSFIELD OH CLIMATE SUMMARY FOR THE MONTH OF AUGUST 2022...

CLIMATE NORMAL PERIOD 1991 TO 2020
CLIMATE RECORD PERIOD 1916 TO 2022

WEATHER         OBSERVED          NORMAL  DEPART   LAST YEAR`S
                VALUE   DATE(S)   VALUE   FROM     VALUE
                                          NORMAL
..............................................................
TEMPERATURE (F)
RECORD
 HIGH             97   08/17/1988
 LOW              40   08/29/1965
HIGHEST           89   08/03
LOWEST            52   08/12
                       08/13
AVG. MAXIMUM    80.3               81.2    -0.9     85.4
AVG. MINIMUM    61.7               60.8     0.9     66.0
MEAN            71.0               71.0     0.0     75.7
DAYS MAX >= 90     0                2.3    -2.3        5
DAYS MAX <= 32     0                0.0     0.0        0
DAYS MIN <= 32     0                0.0     0.0        0
DAYS MIN <= 0      0                0.0     0.0        0

PRECIPITATION (INCHES)
RECORD
 MAXIMUM       10.32   2007
 MINIMUM        0.63   1970
TOTALS          3.75               3.60    0.15     3.78
DAYS >= .01       10               10.2    -0.2       11
DAYS >= .10        8                6.4     1.6        8
DAYS >= .50        3                2.3     0.7        2
DAYS >= 1.00       1                0.9     0.1        1
GREATEST
 24 HR. TOTAL   1.72   08/08 TO 08/09               1.37

SNOWFALL (INCHES)
RECORDS
 TOTAL           0.0
TOTALS           0.0                0.0     0.0      0.0
SINCE 7/1        0.0                0.0     0.0      0.0
DAYS >= 1.0        0                0.0     0.0        0
GREATEST
 24 HR TOTAL     0.0

DEGREE DAYS
HEATING TOTAL      6                 11      -5        0
 SINCE 7/1         6                 10      -4        0
COOLING TOTAL    201                197       4      339
 SINCE 1/1       725                657      68      983
..............................................................

WIND (MPH)
AVERAGE WIND SPEED              6.3
HIGHEST WIND SPEED/DIRECTION    25/250    DATE  08/20
HIGHEST GUST SPEED/DIRECTION    37/250    DATE  08/20

SKY COVER
AVERAGE SKY COVER           0.36

AVERAGE RH (PERCENT)     76

WEATHER CONDITIONS. NUMBER OF DAYS WITH
THUNDERSTORM              6     MIXED PRECIP               0
HEAVY RAIN                5     RAIN                       4
LIGHT RAIN                9     FREEZING RAIN              0
LT FREEZING RAIN          0     HAIL                       0
HEAVY SNOW                0     SNOW                       0
LIGHT SNOW                0     SLEET                      0
FOG                      18     FOG W/VIS <= 1/4 MILE      3
HAZE                      1

-  INDICATES NEGATIVE NUMBERS.
R  INDICATES RECORD WAS SET OR TIED.
MM INDICATES DATA IS MISSING.
T  INDICATES TRACE AMOUNT.

$$
