000
CXUS54 KBRO 120605
CLMMFE


CLIMATE REPORT
NATIONAL WEATHER SERVICE BROWNSVILLE TX
1255 AM CDT MON SEP 12 2022

...................................

...THE MCALLEN CLIMATE SUMMARY FOR THE MONTH OF JANUARY 2021...

CLIMATE NORMAL PERIOD 1981 TO 2010
CLIMATE RECORD PERIOD 1961 TO 2020

WEATHER         OBSERVED          NORMAL  DEPART  LAST YEAR`S
                 VALUE   DATE(S)  VALUE   FROM    VALUE  DATE(S)
                                          NORMAL
................................................................
TEMPERATURE (F)
HIGHEST            92   01/01        86       6       89  01/14
LOWEST             33   01/21        32       1       43  01/05
                        01/9999
                        01/9999
AVG. MAXIMUM     69.8              71.0    -1.2
AVG. MINIMUM     48.2              50.7    -2.5
MEAN             59.0              60.8    -1.8     67.9
DAYS MAX >= 90      0               0.3    -0.3
DAYS MAX <= 32      0               0.0     0.0
DAYS MIN <= 32      0               0.4    -0.4
DAYS MIN <= 0       0               0.0     0.0

PRECIPITATION (INCHES)
TOTALS           0.42              1.05   -0.63     0.41
DAILY AVG.         MM              0.03      MM     0.01
DAYS >= .01         0               7.4    -7.4        3
DAYS >= .10         0               2.6    -2.6        2
DAYS >= .50         0               0.7    -0.7        0
DAYS >= 1.00        0               0.2    -0.2        0
GREATEST
 24 HR. TOTAL    0.36   01/27 TO 01/28
 STORM TOTAL       MM
 (MM/DD(HH))            MM

SNOWFALL (INCHES)
TOTALS             MM               0.0      MM      0.0
SINCE 7/1          MM               0.0      MM      0.0

DEGREE_DAYS
HEATING TOTAL     225               190      35       42
 SINCE 7/1      -9774               427   -10201     229
COOLING TOTAL      38                62     -24      138
 SINCE 1/1      -9961                62   -10023     138
.................................................................

WIND (MPH)
AVERAGE WIND SPEED              MM
HIGHEST WIND SPEED/DIRECTION    MM        DATE   MM
HIGHEST GUST SPEED/DIRECTION    MM        DATE   MM

SKY COVER
POSSIBLE SUNSHINE (PERCENT)   MM
AVERAGE SKY COVER             MM
NUMBER OF DAYS FAIR          MM
NUMBER OF DAYS PC            MM
NUMBER OF DAYS CLOUDY        MM

AVERAGE RH (PERCENT)     MM

WEATHER CONDITIONS. NUMBER OF DAYS WITH
THUNDERSTORM             MM     MIXED PRECIP              MM
HEAVY RAIN               MM     RAIN                      MM
LIGHT RAIN               MM     FREEZING RAIN             MM
LT FREEZING RAIN         MM     HAIL                      MM
HEAVY SNOW               MM     SNOW                      MM
LIGHT SNOW               MM     SLEET                     MM
FOG                      MM     FOG W/VIS <= 1/4 MILE     MM
HAZE                     MM

-  INDICATES NEGATIVE NUMBERS.
R  INDICATES RECORD WAS SET OR TIED.
MM INDICATES DATA IS MISSING.
T  INDICATES TRACE AMOUNT.

$$
