000
CXUS56 KMFR 011629
CLMMFR

CLIMATE REPORT
NATIONAL WEATHER SERVICE MEDFORD, OR
929 AM PDT THU SEP 01 2022

...................................

...THE MEDFORD OR CLIMATE SUMMARY FOR THE MONTH OF AUGUST 2022...

CLIMATE NORMAL PERIOD 1991 TO 2020
CLIMATE RECORD PERIOD 1911 TO 2022

WEATHER         OBSERVED          NORMAL  DEPART   LAST YEAR`S
                VALUE   DATE(S)   VALUE   FROM     VALUE DATE(S)
                                          NORMAL
................................................................
TEMPERATURE (F)
RECORD
 HIGH            114   08/08/1981
 LOW              39   08/27/1962
HIGHEST          103   08/03                         104  08/01
                                                          08/11
LOWEST            56   08/28                          50  08/31
AVG. MAXIMUM    95.7               91.1     4.6     92.0
AVG. MINIMUM    62.4               57.9     4.5     60.3
MEAN            79.1               74.5     4.6     76.2
DAYS MAX >= 90    28               20.1     7.9       16
DAYS MAX <= 32     0                0.0     0.0        0
DAYS MIN <= 32     0                0.0     0.0        0
DAYS MIN <= 0      0                0.0     0.0        0

PRECIPITATION (INCHES)
RECORD
 MAXIMUM        2.83   1976
TOTALS             T               0.33   -0.33        T
DAILY AVG.         T               0.01   -0.01        T
DAYS >= .01        0                1.6    -1.6        0
DAYS >= .10        0                0.8    -0.8        0
DAYS >= .50        0                0.2    -0.2        0
DAYS >= 1.00       0                0.0     0.0        0
GREATEST
 24 HR. TOTAL      T   08/08 TO 08/08
                       08/17 TO 08/17
                       08/18 TO 08/18

SNOWFALL (INCHES)
RECORDS
 TOTAL           0.0   2010
TOTALS           0.0                0.0     0.0      0.0
SINCE 7/1        0.0                0.0     0.0       MM

DEGREE DAYS
HEATING TOTAL      0                  3      -3        0
 SINCE 7/1         0                  4      -4       MM
COOLING TOTAL    442                298     144      352
 SINCE 1/1      1008                767     241       MM

FREEZE DATES
RECORD
 EARLIEST     09/13/1921
 LATEST       06/12/1952
EARLIEST                        MM
LATEST                          04/15
................................................................

WIND (MPH)
AVERAGE WIND SPEED              4.5
HIGHEST WIND SPEED/DIRECTION    23/260    DATE  08/17
HIGHEST GUST SPEED/DIRECTION    32/270    DATE  08/17

SKY COVER
POSSIBLE SUNSHINE (PERCENT)   MM
AVERAGE SKY COVER           0.05
NUMBER OF DAYS FAIR           31
NUMBER OF DAYS PC              0
NUMBER OF DAYS CLOUDY          0

AVERAGE RH (PERCENT)     44

WEATHER CONDITIONS. NUMBER OF DAYS WITH
THUNDERSTORM              3     MIXED PRECIP               0
HEAVY RAIN                0     RAIN                       0
LIGHT RAIN                3     FREEZING RAIN              0
LT FREEZING RAIN          0     HAIL                       0
HEAVY SNOW                0     SNOW                       0
LIGHT SNOW                0     SLEET                      0
FOG                       1     FOG W/VIS <= 1/4 MILE      0
HAZE                     12

-  INDICATES NEGATIVE NUMBERS.
R  INDICATES RECORD WAS SET OR TIED.
MM INDICATES DATA IS MISSING.
T  INDICATES TRACE AMOUNT.

$$
