000
CXUS54 KBMX 050443
CLMMGM

CLIMATE REPORT
NATIONAL WEATHER SERVICE BIRMINGHAM AL
1143 PM CDT TUE OCT 04 2022

...................................

...THE MONTGOMERY CLIMATE SUMMARY FOR THE MONTH OF SEPTEMBER 2022...

CLIMATE NORMAL PERIOD 1991 TO 2020
CLIMATE RECORD PERIOD 1872 TO 2022

WEATHER         OBSERVED          NORMAL  DEPART   LAST YEAR`S
                VALUE   DATE(S)   VALUE   FROM     VALUE DATE(S)
                                          NORMAL
................................................................
TEMPERATURE (F)
RECORD
 HIGH            106   09/05/1925
 LOW              39   09/30/1967
HIGHEST           97   09/22         MM      MM       92  09/01
LOWEST            49   09/27         MM      MM       52  09/25
AVG. MAXIMUM    87.6               89.3    -1.7     86.3
AVG. MINIMUM    64.8               66.3    -1.5     66.7
MEAN            76.2                                76.5
DAYS MAX >= 90    10               14.3    -4.3        7
DAYS MAX <= 32     0                0.0     0.0        0
DAYS MIN <= 32     0                0.0     0.0        0
DAYS MIN <= 0      0                0.0     0.0        0

PRECIPITATION (INCHES)
RECORD
 MAXIMUM       12.00   1917
 MINIMUM        0.05   2019
TOTALS          1.87               3.69   -1.82     4.84
DAILY AVG.      0.06               0.12   -0.06     0.16
DAYS >= .01        9                6.5     2.5       11
DAYS >= .10        6                4.3     1.7        7
DAYS >= .50        1                1.9    -0.9        4
DAYS >= 1.00       0                1.3    -1.3        1


DEGREE DAYS
HEATING TOTAL      0                  2      -2        0
 SINCE 7/1         0                  0       0       MM
COOLING TOTAL    343                386     -43      354
 SINCE 1/1      2520               2365     155       MM
................................................................

WIND (MPH)
AVERAGE WIND SPEED              5.1
HIGHEST WIND SPEED/DIRECTION    25/040    DATE  09/20
HIGHEST GUST SPEED/DIRECTION    35/040    DATE  09/20

AVERAGE RH (PERCENT)     71

WEATHER CONDITIONS. NUMBER OF DAYS WITH
THUNDERSTORM              4     MIXED PRECIP               0
HEAVY RAIN                4     RAIN                       4
LIGHT RAIN                5     FREEZING RAIN              0
LT FREEZING RAIN          0     HAIL                       0
HEAVY SNOW                0     SNOW                       0
LIGHT SNOW                0     SLEET                      0
FOG                      13     FOG W/VIS <= 1/4 MILE      2
HAZE                      1

-  INDICATES NEGATIVE NUMBERS.
R  INDICATES RECORD WAS SET OR TIED.
MM INDICATES DATA IS MISSING.
T  INDICATES TRACE AMOUNT.

$$
