000
CXUS51 KPBZ 011318
CLMMGW

CLIMATE REPORT
NATIONAL WEATHER SERVICE PITTSBURGH PA
918 AM EDT SAT OCT 01 2022

...................................

...THE MORGANTOWN WV CLIMATE SUMMARY FOR THE MONTH OF SEPTEMBER 2022...

CLIMATE NORMAL PERIOD 1991 TO 2020
CLIMATE RECORD PERIOD 1872 TO 2022

WEATHER         OBSERVED          NORMAL  DEPART   LAST YEAR`S
                VALUE   DATE(S)   VALUE   FROM     VALUE DATE(S)
                                          NORMAL
................................................................
TEMPERATURE (F)
RECORD
 HIGH            102   09/03/1953
 LOW              30   09/24/1983
HIGHEST           86   09/02         88      -2       87  09/17
                       09/03
                                                          09/18
LOWEST            42   09/28         40       2       46  09/25
                                                          09/30
AVG. MAXIMUM    75.3               77.1    -1.8     77.8
AVG. MINIMUM    56.7               55.9     0.8     58.3
MEAN            66.0               66.5    -0.5     68.0
DAYS MAX >= 90     0                1.4    -1.4        0
DAYS MAX <= 32     0                0.0     0.0        0
DAYS MIN <= 32     0                0.0     0.0        0
DAYS MIN <= 0      0                0.0     0.0        0

PRECIPITATION (INCHES)
RECORD
 MAXIMUM       10.64   1954
 MINIMUM        0.41   1881
TOTALS          4.31               3.41    0.90     3.41
DAILY AVG.      0.14               0.11    0.03     0.11
DAYS >= .01       16               10.3     5.7        8
DAYS >= .10       10                6.4     3.6        7
DAYS >= .50        2                2.2    -0.2        2
DAYS >= 1.00       1                0.8     0.2        1
GREATEST
 24 HR. TOTAL   1.58   09/04 TO 09/05               2.48


DEGREE DAYS
HEATING TOTAL     77                 66      11       36
 SINCE 7/1        77                 70       7       MM
COOLING TOTAL    115                111       4      136
 SINCE 1/1      1036                910     126       MM
................................................................

WIND (MPH)
AVERAGE WIND SPEED              3.6
HIGHEST WIND SPEED/DIRECTION    20/330    DATE  09/22
                                20/220          09/25
HIGHEST GUST SPEED/DIRECTION    31/330    DATE  09/25

AVERAGE RH (PERCENT)     75

WEATHER CONDITIONS. NUMBER OF DAYS WITH
THUNDERSTORM              6     MIXED PRECIP               0
HEAVY RAIN                4     RAIN                      10
LIGHT RAIN               15     FREEZING RAIN              0
LT FREEZING RAIN          0     HAIL                       0
HEAVY SNOW                0     SNOW                       0
LIGHT SNOW                0     SLEET                      0
FOG                      23     FOG W/VIS <= 1/4 MILE      5
HAZE                      5

-  INDICATES NEGATIVE NUMBERS.
R  INDICATES RECORD WAS SET OR TIED.
MM INDICATES DATA IS MISSING.
T  INDICATES TRACE AMOUNT.

$$
