000
CXUS53 KFSD 011557
CLMMHE

CLIMATE REPORT
NATIONAL WEATHER SERVICE SIOUX FALLS SD
1057 AM CDT SAT OCT 01 2022

...................................

...THE MITCHELL SD CLIMATE SUMMARY FOR THE MONTH OF SEPTEMBER 2022...

CLIMATE NORMAL PERIOD: 1991 TO 2020
CLIMATE RECORD PERIOD: 1893 TO 2022

WEATHER         OBSERVED          NORMAL  DEPART   LAST YEAR`S
                VALUE   DATE(S)   VALUE   FROM     VALUE DATE(S)
                                          NORMAL
................................................................
TEMPERATURE (F)
RECORD
 HIGH            106   09/05/1933
 LOW              11   09/29/1899
HIGHEST          100   09/08         MM      MM       95  09/16
LOWEST            35   09/27         MM      MM       36  09/25
AVG. MAXIMUM    82.8               76.8     6.0     81.2
AVG. MINIMUM    51.2               51.0     0.2     53.5
MEAN            67.0               63.9     3.1     67.3
DAYS MAX >= 90     9                3.4     5.6        6
DAYS MAX <= 32     0                0.0     0.0        0
DAYS MIN <= 32     0                0.5    -0.5        0
DAYS MIN <= 0      0                0.0     0.0        0

PRECIPITATION (INCHES)
RECORD
 MAXIMUM        7.63   2019
 MINIMUM        0.03   1899
TOTALS          0.02R              2.34   -2.32     1.33
DAILY AVG.      0.00               0.08   -0.08     0.04
DAYS >= .01        2                7.2    -5.2        7
DAYS >= .10        0                4.0    -4.0        4
DAYS >= .50        0                1.4    -1.4        1
DAYS >= 1.00       0                0.5    -0.5        0
GREATEST
 24 HR. TOTAL   0.01   09/15 TO 09/15
                       09/09 TO 09/09

SNOWFALL (INCHES)
RECORDS
 TOTAL             T   1965
TOTALS           0.0                 MM      MM      0.0
SINCE 7/1        0.0                 MM      MM       MM
SNOWDEPTH AVG.     0                                   0
DAYS >= 1.0        0                 MM      MM        0
GREATEST
 SNOW DEPTH        0                                   0  MM
 24 HR TOTAL      MM

DEGREE DAYS
HEATING TOTAL     66                123     -57       39
 SINCE 7/1        67                138     -71       MM
COOLING TOTAL    132                 90      42      115
 SINCE 1/1      1094                871     223       MM
................................................................

WIND (MPH)
AVERAGE WIND SPEED              9.9
HIGHEST WIND SPEED/DIRECTION    29/160    DATE  09/14
                                29/330          09/25
HIGHEST GUST SPEED/DIRECTION    48/360    DATE  09/25

SKY COVER
POSSIBLE SUNSHINE (PERCENT)   MM
AVERAGE SKY COVER           0.11
NUMBER OF DAYS FAIR           27
NUMBER OF DAYS PC              2
NUMBER OF DAYS CLOUDY          1

AVERAGE RH (PERCENT)     57

WEATHER CONDITIONS. NUMBER OF DAYS WITH
THUNDERSTORM              2     MIXED PRECIP               0
HEAVY RAIN                0     RAIN                       0
LIGHT RAIN                9     FREEZING RAIN              0
LT FREEZING RAIN          0     HAIL                       0
HEAVY SNOW                0     SNOW                       0
LIGHT SNOW                0     SLEET                      0
FOG                       8     FOG W/VIS <= 1/4 MILE      0
HAZE                      0

-  INDICATES NEGATIVE NUMBERS.
R  INDICATES RECORD WAS SET OR TIED.
MM INDICATES DATA IS MISSING.
T  INDICATES TRACE AMOUNT.

$$
