000
CXUS53 KTOP 011433
CLMMHK

CLIMATE REPORT
NATIONAL WEATHER SERVICE TOPEKA KS
933 AM CDT THU SEP 01 2022

...................................

...THE MANHATTAN KS CLIMATE SUMMARY FOR THE MONTH OF AUGUST 2022...

CLIMATE NORMAL PERIOD 1991 TO 2020

WEATHER         OBSERVED          NORMAL  DEPART   LAST YEAR`S
                VALUE   DATE(S)   VALUE   FROM     VALUE
                                          NORMAL
..............................................................
TEMPERATURE (F)
HIGHEST          104   08/13                         103
LOWEST            57   08/31                          54
AVG. MAXIMUM    92.4               89.6     2.8     93.5
AVG. MINIMUM    66.1               65.3     0.8     68.6
MEAN            79.2               77.4     1.8     81.1
DAYS MAX >= 90    22               15.7     6.3       24
DAYS MAX <= 32     0                0.0     0.0        0
DAYS MIN <= 32     0                0.0     0.0        0
DAYS MIN <= 0      0                0.0     0.0        0

PRECIPITATION (INCHES)
TOTALS          1.50               4.64   -3.14     0.99
DAILY AVG.      0.05                                0.03
DAYS >= .01        4                                   4
DAYS >= .10        3                                   3
DAYS >= .50        1                                   0
DAYS >= 1.00       0                                   0
GREATEST
 24 HR. TOTAL   0.93   08/19 TO 08/19               0.36


DEGREE DAYS
HEATING TOTAL      0                  2      -2        0
 SINCE 7/1         0                  0       0       MM
COOLING TOTAL    447                388      59      508
 SINCE 1/1      1483               1284     199       MM
..............................................................

WIND (MPH)
AVERAGE WIND SPEED              5.2
HIGHEST WIND SPEED/DIRECTION    21/210    DATE  08/06
                                21/170          08/27
HIGHEST GUST SPEED/DIRECTION    MM        DATE   MM

SKY COVER
POSSIBLE SUNSHINE (PERCENT)   MM
AVERAGE SKY COVER           0.11
NUMBER OF DAYS FAIR           28
NUMBER OF DAYS PC              2
NUMBER OF DAYS CLOUDY          1

AVERAGE RH (PERCENT)     65

WEATHER CONDITIONS. NUMBER OF DAYS WITH
THUNDERSTORM              6     MIXED PRECIP               0
HEAVY RAIN                2     RAIN                       3
LIGHT RAIN                5     FREEZING RAIN              0
LT FREEZING RAIN          0     HAIL                       0
HEAVY SNOW                0     SNOW                       0
LIGHT SNOW                0     SLEET                      0
FOG                      14     FOG W/VIS <= 1/4 MILE      1
HAZE                      3

-  INDICATES NEGATIVE NUMBERS.
R  INDICATES RECORD WAS SET OR TIED.
MM INDICATES DATA IS MISSING.
T  INDICATES TRACE AMOUNT.

$$
