000
CXUS53 KIND 011557
CLMMIE

CLIMATE REPORT
NATIONAL WEATHER SERVICE INDIANAPOLIS IN
1157 AM EDT THU SEP 01 2022

...................................

...THE MUNCIE IN CLIMATE SUMMARY FOR THE MONTH OF AUGUST 2022...

CLIMATE NORMAL PERIOD 1991 TO 2020
CLIMATE RECORD PERIOD 9999 TO 9999

WEATHER         OBSERVED          NORMAL  DEPART   LAST YEAR`S
                VALUE   DATE(S)   VALUE   FROM     VALUE DATE(S)
                                          NORMAL
................................................................
TEMPERATURE (F)
HIGHEST           92   08/03                          94  08/24
LOWEST            53   08/13                          54  08/02
                                                          08/03
                                                          08/04
AVG. MAXIMUM    83.7               84.1    -0.4     87.1
AVG. MINIMUM    63.5               63.4     0.1     67.0
MEAN            73.6               73.7    -0.1     77.1
DAYS MAX >= 90     5                4.0     1.0       11
DAYS MAX <= 32     0                0.0     0.0        0
DAYS MIN <= 32     0                0.0     0.0        0
DAYS MIN <= 0      0                0.0     0.0        0

PRECIPITATION (INCHES)
TOTALS          2.32               3.38   -1.06     3.99
DAILY AVG.      0.07               0.11   -0.04     0.09
DAYS >= .01       11               10.4     0.6       11
DAYS >= .10        8                5.9     2.1        6
DAYS >= .50        1                2.3    -1.3        3
DAYS >= 1.00       1                0.9     0.1        2
GREATEST
 24 HR. TOTAL   1.17   08/29 TO 08/30


DEGREE DAYS
HEATING TOTAL      0                  4      -4        0
 SINCE 7/1         0                  1      -1       MM
COOLING TOTAL    275                275       0      380
 SINCE 1/1      1076               1009      67       MM
................................................................

WIND (MPH)
AVERAGE WIND SPEED              6.0
HIGHEST WIND SPEED/DIRECTION    26/330    DATE  08/29
HIGHEST GUST SPEED/DIRECTION    44/260    DATE  08/29

SKY COVER
AVERAGE SKY COVER           0.32

AVERAGE RH (PERCENT)     70

WEATHER CONDITIONS. NUMBER OF DAYS WITH
THUNDERSTORM              4     MIXED PRECIP               0
HEAVY RAIN                5     RAIN                       6
LIGHT RAIN               10     FREEZING RAIN              0
LT FREEZING RAIN          0     HAIL                       0
HEAVY SNOW                0     SNOW                       0
LIGHT SNOW                0     SLEET                      0
FOG                      19     FOG W/VIS <= 1/4 MILE      3
HAZE                     10

-  INDICATES NEGATIVE NUMBERS.
R  INDICATES RECORD WAS SET OR TIED.
MM INDICATES DATA IS MISSING.
T  INDICATES TRACE AMOUNT.

$$
