000
CXUS53 KIND 011503
CLMMIE

CLIMATE REPORT
NATIONAL WEATHER SERVICE INDIANAPOLIS IN
1103 AM EDT FRI SEP 01 2023

...................................

...THE MUNCIE IN CLIMATE SUMMARY FOR THE MONTH OF AUGUST 2023...

CLIMATE NORMAL PERIOD 1991 TO 2020
CLIMATE RECORD PERIOD 9999 TO 9999

WEATHER         OBSERVED          NORMAL  DEPART   LAST YEAR`S
                VALUE   DATE(S)   VALUE   FROM     VALUE DATE(S)
                                          NORMAL
................................................................
TEMPERATURE (F)
HIGHEST           92   08/23                          92  08/03
                       08/24
LOWEST            46R  08/31                          53  08/13
AVG. MAXIMUM    82.3               84.1    -1.8     83.7
AVG. MINIMUM    61.7               63.4    -1.7     63.5
MEAN            72.0               73.7    -1.7     73.6
DAYS MAX >= 90     4                4.0     0.0        5
DAYS MAX <= 32     0                0.0     0.0        0
DAYS MIN <= 32     0                0.0     0.0        0
DAYS MIN <= 0      0                0.0     0.0        0

PRECIPITATION (INCHES)
TOTALS          3.66               3.38    0.28     2.32
DAILY AVG.      0.12               0.11    0.01     0.07
DAYS >= .01        9               10.4    -1.4       11
DAYS >= .10        6                5.9     0.1        8
DAYS >= .50        3                2.3     0.7        1
DAYS >= 1.00       1                0.9     0.1        1
GREATEST
 24 HR. TOTAL   1.56   08/09 TO 08/10


DEGREE DAYS
HEATING TOTAL      6                  4       2        0
 SINCE 7/1         6                  1       5       MM
COOLING TOTAL    231                275     -44      275
 SINCE 1/1       837               1009    -172       MM
................................................................

WIND (MPH)
AVERAGE WIND SPEED              5.5
HIGHEST WIND SPEED/DIRECTION    33/110    DATE  08/24
HIGHEST GUST SPEED/DIRECTION    43/100    DATE  08/24

SKY COVER
AVERAGE SKY COVER           0.28

AVERAGE RH (PERCENT)     71

WEATHER CONDITIONS. NUMBER OF DAYS WITH
THUNDERSTORM              6     MIXED PRECIP               0
HEAVY RAIN                5     RAIN                       5
LIGHT RAIN               11     FREEZING RAIN              0
LT FREEZING RAIN          0     HAIL                       0
HEAVY SNOW                0     SNOW                       0
LIGHT SNOW                0     SLEET                      0
FOG                      20     FOG W/VIS <= 1/4 MILE      5
HAZE                     13

-  INDICATES NEGATIVE NUMBERS.
R  INDICATES RECORD WAS SET OR TIED.
MM INDICATES DATA IS MISSING.
T  INDICATES TRACE AMOUNT.

$$
