000
CXUS53 KGRR 011429
CLMMKG

CLIMATE REPORT
NATIONAL WEATHER SERVICE GRAND RAPIDS, MICHIGAN
1029 AM EDT THU SEP 01 2022

...................................

...THE MUSKEGON CLIMATE SUMMARY FOR THE MONTH OF AUGUST 2022...

CLIMATE NORMAL PERIOD: 1991 TO 2020
CLIMATE RECORD PERIOD: 1896 TO 2022

WEATHER         OBSERVED          NORMAL  DEPART   LAST YEAR`S
                VALUE   DATE(S)   VALUE   FROM     VALUE DATE(S)
                                          NORMAL
................................................................
TEMPERATURE (F)
RECORD
 HIGH             99   08/03/1964
 LOW              36   08/16/1979
HIGHEST           91   08/05         88       3       90  08/24
LOWEST            52   08/12         46       6       54  08/02
                                                          08/15
AVG. MAXIMUM    81.7               80.2     1.5     83.7
AVG. MINIMUM    63.7               61.3     2.4     64.8
MEAN            72.7               70.8     1.9     74.3
DAYS MAX >= 90     2                0.4     1.6        1
DAYS MAX <= 32     0                0.0     0.0        0
DAYS MIN <= 32     0                0.0     0.0        0
DAYS MIN <= 0      0                0.0     0.0        0

PRECIPITATION (INCHES)
RECORD
 MAXIMUM        4.51   2021
 MINIMUM        0.18   2020
TOTALS          3.74               3.10    0.64     4.51
DAILY AVG.      0.12               0.10    0.02     0.15
DAYS >= .01       10                9.1     0.9        8
DAYS >= .10        6                5.7     0.3        6
DAYS >= .50        2                2.1    -0.1        4
DAYS >= 1.00       2                0.7     1.3        2
GREATEST
 24 HR. TOTAL   1.48   08/13 TO 08/13

SNOWFALL (INCHES)
RECORDS
 TOTAL            MM   MM
 SNOW DEPTH       MM   MM
TOTALS           0.0                0.0     0.0      0.0
SINCE 7/1        0.0                0.0     0.0       MM
SNOWDEPTH AVG.     0                                   0
DAYS >= TRACE      0                0.0     0.0        0
DAYS >= 1.0        0                0.0     0.0        0
GREATEST
 SNOW DEPTH        0                                   0  MM

DEGREE DAYS
HEATING TOTAL      5                 13      -8        0
 SINCE 7/1         7                 16      -9       MM
COOLING TOTAL    250                191      59      294
 SINCE 1/1       756                573     183       MM

FREEZE DATES
RECORD
 EARLIEST     09/22/1976
 LATEST       06/22/1992
EARLIEST                        MM
LATEST                          04/28
................................................................

WIND (MPH)
AVERAGE WIND SPEED              7.5
RESULTANT WIND SPEED/DIRECTION   2/230
HIGHEST WIND SPEED/DIRECTION    28/210    DATE  08/13
HIGHEST GUST SPEED/DIRECTION    38/240    DATE  08/28

SKY COVER
POSSIBLE SUNSHINE (PERCENT)   MM
AVERAGE SKY COVER           0.49
NUMBER OF DAYS FAIR           10
NUMBER OF DAYS PC             18
NUMBER OF DAYS CLOUDY          3

AVERAGE RH (PERCENT)     70

WEATHER CONDITIONS. NUMBER OF DAYS WITH
THUNDERSTORM              4     MIXED PRECIP               0
HEAVY RAIN                6     RAIN                       6
LIGHT RAIN               11     FREEZING RAIN              0
LT FREEZING RAIN          0     HAIL                       0
HEAVY SNOW                0     SNOW                       0
LIGHT SNOW                0     SLEET                      0
FOG                      13     FOG W/VIS <= 1/4 MILE      2
HAZE                      1

-  INDICATES NEGATIVE NUMBERS.
R  INDICATES RECORD WAS SET OR TIED.
MM INDICATES DATA IS MISSING.
T  INDICATES TRACE AMOUNT.

$$
