000
CXUS54 KMEG 032210
CLMMKL

CLIMATE REPORT
NATIONAL WEATHER SERVICE MEMPHIS TN
510 PM CDT MON OCT 03 2022

...................................

...THE JACKSON CLIMATE SUMMARY FOR THE MONTH OF SEPTEMBER 2022...

CLIMATE NORMAL PERIOD 1991 TO 2020
CLIMATE RECORD PERIOD 1948 TO 2022

WEATHER         OBSERVED          NORMAL  DEPART   LAST YEAR`S
                VALUE   DATE(S)   VALUE   FROM     VALUE DATE(S)
                                          NORMAL
................................................................
TEMPERATURE (F)
RECORD
 HIGH            105   09/05/1954
 LOW              35   09/30/1949
HIGHEST           97   09/20         84      13       90  09/13
                       09/21
LOWEST            41   09/27         61     -20       45  09/23
                       09/30
AVG. MAXIMUM    84.1               83.9     0.2     83.1
AVG. MINIMUM    57.0               59.5    -2.5     59.7
MEAN            70.5               71.7    -1.2     71.4
DAYS MAX >= 90     3                7.3    -4.3        1
DAYS MAX <= 32     0                0.0     0.0        0
DAYS MIN <= 32     0                0.0     0.0        0
DAYS MIN <= 0      0                0.0     0.0        0

PRECIPITATION (INCHES)
RECORD
 MAXIMUM       13.07   2002
 MINIMUM        0.06   1956
TOTALS          1.52               3.58   -2.06     2.42
DAILY AVG.      0.05               0.12   -0.07     0.08
DAYS >= .01        6                7.1    -1.1       11
DAYS >= .10        3                4.6    -1.6        5
DAYS >= .50        1                2.4    -1.4        1
DAYS >= 1.00       0                1.2    -1.2        0
GREATEST
 24 HR. TOTAL   0.74   09/10 TO 09/11

SNOWFALL (INCHES)
RECORDS
 TOTAL           0.0   2002
TOTALS            MM                 MM      MM       MM
SINCE 7/1         MM                 MM      MM       MM
SNOWDEPTH AVG.    MM                                  MM
DAYS >= 1.0       MM                 MM      MM       MM
GREATEST
 SNOW DEPTH       MM                                  MM  MM
 24 HR TOTAL      MM

DEGREE DAYS
HEATING TOTAL     26                 22       4       11
 SINCE 7/1        26                 19       7       MM
COOLING TOTAL    200                223     -23      211
 SINCE 1/1      1789               1656     133       MM
................................................................

WIND (MPH)
AVERAGE WIND SPEED              4.1
HIGHEST WIND SPEED/DIRECTION    30/270    DATE  09/24
HIGHEST GUST SPEED/DIRECTION    42/290    DATE  09/24

SKY COVER
POSSIBLE SUNSHINE (PERCENT)   MM
AVERAGE SKY COVER           0.18
NUMBER OF DAYS FAIR           25
NUMBER OF DAYS PC              4
NUMBER OF DAYS CLOUDY          1

AVERAGE RH (PERCENT)     71

WEATHER CONDITIONS. NUMBER OF DAYS WITH
THUNDERSTORM              5     MIXED PRECIP               0
HEAVY RAIN                4     RAIN                       5
LIGHT RAIN                8     FREEZING RAIN              0
LT FREEZING RAIN          0     HAIL                       0
HEAVY SNOW                0     SNOW                       0
LIGHT SNOW                0     SLEET                      0
FOG                      25     FOG W/VIS <= 1/4 MILE      6
HAZE                     16

-  INDICATES NEGATIVE NUMBERS.
R  INDICATES RECORD WAS SET OR TIED.
MM INDICATES DATA IS MISSING.
T  INDICATES TRACE AMOUNT.

$$
