000
CXUS52 KMLB 011235
CLMMLB

CLIMATE REPORT
NATIONAL WEATHER SERVICE MELBOURNE FL
835 AM EDT THU SEP 01 2022

...................................

...THE MELBOURNE CLIMATE SUMMARY FOR THE MONTH OF AUGUST 2022...

CLIMATE NORMAL PERIOD 1991 TO 2020
CLIMATE RECORD PERIOD 1939 TO 2022

WEATHER         OBSERVED          NORMAL  DEPART   LAST YEAR`S
                VALUE   DATE(S)   VALUE   FROM     VALUE
                                          NORMAL
..............................................................
TEMPERATURE (F)
MONTHLY RECORD
 HOTTEST        84.6   2017
 COLDEST        79.6   1967
DAILY RECORD
 HIGH            101   08/02/1999
 LOW              60   08/07/1983
AUGUST 2022
HIGHEST           97   08/17                          96
LOWEST            72   08/15                          72
                       08/18
                       08/19
AVG. MAXIMUM    91.0               90.9     0.1     89.6
AVG. MINIMUM    76.0               75.9     0.1     76.2
MEAN            83.5               83.4     0.1     82.9
DAYS MAX >= 90    28               18.2     9.8       14
DAYS MAX <= 32     0                0.0     0.0        0
DAYS MIN <= 32     0                0.0     0.0        0
DAYS MIN <= 0      0                0.0     0.0        0

PRECIPITATION (INCHES)
MONTHLY RECORD
 MAXIMUM       21.06   2008
 MINIMUM        1.14   1971
DAILY RECORD
 MAXIMUM        9.06   08/02/1995
AUGUST 2022
TOTALS          4.87               6.67   -1.80     7.08
DAYS >= .01       13               15.0    -2.0       17
DAYS >= .10        6                9.7    -3.7       11
DAYS >= .50        4                4.0     0.0        4
DAYS >= 1.00       1                1.8    -0.8        2
GREATEST
 24 HR. TOTAL   1.80   08/18 TO 08/18

SNOWFALL (INCHES)
TOTALS           0.0                 MM      MM      0.0
SINCE 7/1        0.0                 MM      MM       MM
DAYS >= TRACE      0                                   0

DEGREE DAYS
HEATING TOTAL      0                  0       0        0
 SINCE 7/1         0                  0       0       MM
COOLING TOTAL    583                570      13      561
 SINCE 1/1      2733               2631     102       MM
..............................................................

WIND (MPH)
AVERAGE WIND SPEED              7.0
HIGHEST WIND SPEED/DIRECTION    35/330    DATE  08/13
                                35/270          08/26
HIGHEST GUST SPEED/DIRECTION    49/340    DATE  08/13

SKY COVER
POSSIBLE SUNSHINE (PERCENT)   MM
AVERAGE SKY COVER           0.16
NUMBER OF DAYS FAIR           29
NUMBER OF DAYS PC              2
NUMBER OF DAYS CLOUDY          0

AVERAGE RH (PERCENT)     76

WEATHER CONDITIONS. NUMBER OF DAYS WITH
THUNDERSTORM             18     MIXED PRECIP               0
HEAVY RAIN                7     RAIN                       8
LIGHT RAIN               16     LT FREEZING RAIN           0
HAIL                      0     LIGHT SNOW                 0
SLEET                     0     FOG                        8
FOG W/VIS <= 1/4 MILE     1     HAZE                       2

-  INDICATES NEGATIVE NUMBERS.
R  INDICATES RECORD WAS SET OR TIED.
MM INDICATES DATA IS MISSING.
T  INDICATES TRACE AMOUNT.

$$
