000
CXUS53 KDVN 010952
CLMMLI

CLIMATE REPORT
NATIONAL WEATHER SERVICE QUAD CITIES IA IL
452 AM CDT THU SEP 01 2022

...................................

...THE MOLINE IL CLIMATE SUMMARY FOR THE MONTH OF AUGUST 2022...

CLIMATE NORMAL PERIOD 1991 TO 2020
CLIMATE RECORD PERIOD 1872 TO 2022

WEATHER         OBSERVED          NORMAL  DEPART   LAST YEAR`S
                VALUE   DATE(S)   VALUE   FROM     VALUE
                                          NORMAL
..............................................................
TEMPERATURE (F)
RECORD
 HIGH            106   08/18/1936
 LOW              40   08/28/1986
                       08/29/1934
                       08/30/1915
HIGHEST           92   08/06         85       7
LOWEST            54   08/17         60      -6
AVG. MAXIMUM    83.8               84.1    -0.3
AVG. MINIMUM    63.0               62.7     0.3
MEAN            73.4               73.4    -0.0
DAYS MAX >= 90     1                4.9    -3.9
DAYS MAX <= 32     0                0.0     0.0
DAYS MIN <= 32     0                0.0     0.0
DAYS MIN <= 0      0                0.0     0.0

PRECIPITATION (INCHES)
RECORD
 MAXIMUM       15.23   1987
 MINIMUM        0.15   2020
TOTALS          4.21               3.97    0.24
DAILY AVG.      0.14               0.13    0.01
DAYS >= .01       10                9.4     0.6
DAYS >= .10        8
DAYS >= .50        4
DAYS >= 1.00       1                1.2    -0.2
GREATEST
 24 HR. TOTAL   1.26   08/19 TO 08/20

SNOWFALL (INCHES)
RECORDS
 TOTAL            MM   MM
TOTALS           0.0                0.0     0.0
SINCE 7/1        0.0                0.0     0.0
SNOWDEPTH AVG.     0
DAYS >= TRACE      0                0.0     0.0
DAYS >= 1.0        0                0.0     0.0
GREATEST
 SNOW DEPTH        0
 24 HR TOTAL      MM

DEGREE DAYS
HEATING TOTAL      1                  4      -3
 SINCE 7/1         1                  2      -1
COOLING TOTAL    270                264       6
 SINCE 1/1      1025                908     117
..............................................................

WIND (MPH)
AVERAGE WIND SPEED              5.8
HIGHEST WIND SPEED/DIRECTION    28/290    DATE  08/20
HIGHEST GUST SPEED/DIRECTION    49/310    DATE  08/20

SKY COVER
POSSIBLE SUNSHINE (PERCENT)   MM
AVERAGE SKY COVER           0.29
NUMBER OF DAYS FAIR           20
NUMBER OF DAYS PC              9
NUMBER OF DAYS CLOUDY          2

AVERAGE RH (PERCENT)     76

WEATHER CONDITIONS. NUMBER OF DAYS WITH
THUNDERSTORM             10     HAIL                       0
SLEET                     0     FOG                       17
FOG W/VIS <= 1/4 MILE     3     HAZE                       3

-  INDICATES NEGATIVE NUMBERS.
R  INDICATES RECORD WAS SET OR TIED.
MM INDICATES DATA IS MISSING.
T  INDICATES TRACE AMOUNT.

$$
