000
CXUS51 KCAR 012346
CLMMLT

CLIMATE REPORT
NATIONAL WEATHER SERVICE CARIBOU ME
746 PM EDT THU SEP 01 2022

...................................

...THE MILLINOCKET ME CLIMATE SUMMARY FOR THE MONTH OF AUGUST 2022...

CLIMATE NORMAL PERIOD: 1991 TO 2020
CLIMATE RECORD PERIOD: 1903 TO 2022

WEATHER         OBSERVED          NORMAL  DEPART   LAST YEAR`S
                VALUE   DATE(S)   VALUE   FROM     VALUE DATE(S)
                                          NORMAL
................................................................
TEMPERATURE (F)
RECORD
 HIGH            100   08/03/1975
 LOW              32   08/29/1986
                       08/31/1952
                       08/28/1915
HIGHEST           92   08/07         MM      MM       92  08/13
LOWEST            46   08/28         MM      MM       45  08/28
AVG. MAXIMUM    78.3               77.6     0.7     80.6
AVG. MINIMUM    58.6               55.4     3.2     60.2
MEAN            68.5               66.5     2.0     70.4
DAYS MAX >= 90     1                0.9     0.1        3
DAYS MAX <= 32     0                0.0     0.0        0
DAYS MIN <= 32     0                0.0     0.0        0
DAYS MIN <= 0      0                0.0     0.0        0

PRECIPITATION (INCHES)
RECORD
 MAXIMUM        2.86   2020
 MINIMUM        2.30   2020
TOTALS          5.85                       2.05
DAILY AVG.      0.19               0.12    0.07     0.09
DAYS >= .01       15               12.1     2.9        9
DAYS >= .10       10                7.1     2.9        6
DAYS >= .50        3                2.1     0.9        2
DAYS >= 1.00       2                0.9     1.1        1

SNOWFALL (INCHES)
RECORDS
 TOTAL            MM   MM
TOTALS            MM                 MM      MM       MM
SINCE 7/1         MM                 MM      MM       MM
SNOWDEPTH AVG.    MM                                  MM
DAYS >= 1.0       MM                 MM      MM       MM
GREATEST
 SNOW DEPTH       MM                                  MM  MM
 24 HR TOTAL      MM                                  MM

DEGREE DAYS
HEATING TOTAL     20                 44     -24       21
 SINCE 7/1        30                 72     -42       MM
COOLING TOTAL    133                 90      43      197
 SINCE 1/1       346                268      78       MM
................................................................

WIND (MPH)
AVERAGE WIND SPEED              3.4
HIGHEST WIND SPEED/DIRECTION    20/330    DATE  08/02
HIGHEST GUST SPEED/DIRECTION    30/010    DATE  08/17

SKY COVER
POSSIBLE SUNSHINE (PERCENT)   MM
AVERAGE SKY COVER           0.45
NUMBER OF DAYS FAIR           15
NUMBER OF DAYS PC              8
NUMBER OF DAYS CLOUDY          8

AVERAGE RH (PERCENT)     80

WEATHER CONDITIONS. NUMBER OF DAYS WITH
THUNDERSTORM              1     MIXED PRECIP               0
HEAVY RAIN                7     RAIN                       8
LIGHT RAIN               17     FREEZING RAIN              0
LT FREEZING RAIN          0     HAIL                       0
HEAVY SNOW                0     SNOW                       0
LIGHT SNOW                0     SLEET                      0
FOG                      21     FOG W/VIS <= 1/4 MILE      2
HAZE                      2

-  INDICATES NEGATIVE NUMBERS.
*  INDICATES RECORD WAS SET OR TIED.
MM INDICATES DATA IS MISSING.
T  INDICATES TRACE AMOUNT.

$$
