000
CXUS56 KPQR 011538
CLMMMV

CLIMATE REPORT
NATIONAL WEATHER SERVICE PORTLAND OREGON
838 AM PDT THU SEP 01 2022

...................................

...THE MCMINNVILLE OR CLIMATE SUMMARY FOR THE MONTH OF AUGUST 2022...

CLIMATE NORMAL PERIOD 1991 TO 2020
CLIMATE RECORD PERIOD 1894 TO 2022

WEATHER         OBSERVED          NORMAL  DEPART   LAST YEAR`S
                VALUE   DATE(S)   VALUE   FROM     VALUE DATE(S)
                                          NORMAL
................................................................
TEMPERATURE (F)
HIGHEST           99                                 103  08/12
LOWEST            48                                  40  08/23
AVG. MAXIMUM    85.9               83.1     2.8     85.3
AVG. MINIMUM    54.7               51.9     2.8     53.7
MEAN            70.3               67.5     2.8     69.5
DAYS MAX >= 90     8                7.2     0.8       12
DAYS MAX <= 32     0                0.0     0.0        0
DAYS MIN <= 32     0                0.0     0.0        0
DAYS MIN <= 0      0                0.0     0.0        0

PRECIPITATION (INCHES)
RECORD
 MAXIMUM        4.51   1968
 MINIMUM        0.00   2000
TOTALS          0.04               0.36   -0.32     0.01
DAYS >= .01        1                2.7    -1.7        1
DAYS >= .10        0                1.1    -1.1        0
DAYS >= .50        0                0.0     0.0        0
DAYS >= 1.00       0                0.0     0.0        0
GREATEST
 24 HR. TOTAL   0.04   08/09 TO 08/09


DEGREE DAYS
HEATING TOTAL      2                 29     -27       30
 SINCE 7/1        14                 60     -46       MM
COOLING TOTAL    174                107      67      178
 SINCE 1/1       378                242     136       MM
................................................................

WIND (MPH)
AVERAGE WIND SPEED              5.3
RESULTANT WIND SPEED/DIRECTION   2/250
HIGHEST WIND SPEED/DIRECTION    23/210    DATE  08/09
HIGHEST GUST SPEED/DIRECTION    31/220    DATE  08/09

SKY COVER
POSSIBLE SUNSHINE (PERCENT)   MM
AVERAGE SKY COVER           0.12

AVERAGE RH (PERCENT)     65

WEATHER CONDITIONS. NUMBER OF DAYS WITH
THUNDERSTORM              1     MIXED PRECIP               0
HEAVY RAIN                0     RAIN                       1
LIGHT RAIN                1     FREEZING RAIN              0
LT FREEZING RAIN          0     HAIL                       0
HEAVY SNOW                0     SNOW                       0
LIGHT SNOW                0     SLEET                      0
FOG                       4     FOG W/VIS <= 1/4 MILE      1
HAZE                      5

-  INDICATES NEGATIVE NUMBERS.
R  INDICATES RECORD WAS SET OR TIED.
MM INDICATES DATA IS MISSING.
T  INDICATES TRACE AMOUNT.

$$
