000
CXUS54 KMOB 011425
CLMMOB

CLIMATE REPORT
NATIONAL WEATHER SERVICE MOBILE AL
925 AM CDT THU SEP 01 2022

...................................

...THE MOBILE CLIMATE SUMMARY FOR THE MONTH OF AUGUST 2022...

CLIMATE NORMAL PERIOD: 1991 TO 2020
CLIMATE RECORD PERIOD: 1842 TO 2022

WEATHER         OBSERVED          NORMAL  DEPART   LAST YEAR`S
                VALUE   DATE(S)   VALUE   FROM     VALUE DATE(S)
                                          NORMAL
................................................................
TEMPERATURE (F)
RECORD
 HIGH            105   08/29/2000
 LOW              57   08/25/1891
HIGHEST           97   08/16                          96  08/24
LOWEST            72   08/09                          69  08/05
                       08/27                              08/17

AVG. MAXIMUM    89.5               90.8    -1.3     89.9
AVG. MINIMUM    74.0               72.9     1.1     72.8
MEAN            81.8               81.9    -0.1     81.4
DAYS MAX >= 90    16               21.6    -5.6       22
DAYS MAX <= 32     0                0.0     0.0        0
DAYS MIN <= 32     0                0.0     0.0        0
DAYS MIN <= 0      0                0.0     0.0        0

PRECIPITATION (INCHES)
RECORD
 MAXIMUM       15.22   1881
 MINIMUM        1.04   1997
TOTALS         11.08               6.87    4.21    13.17
DAILY AVG.      0.37               0.22    0.15     0.42
DAYS >= .01       23               13.2     9.8       18
DAYS >= .10       14                9.1     4.9       14
DAYS >= .50        9                4.0     5.0        5
DAYS >= 1.00       4                2.1     1.9        3
GREATEST
 24 HR. TOTAL   2.24   08/24 TO 08/25

DEGREE DAYS
COOLING TOTAL    528                522       6      516
 SINCE 1/1      2294               1979     315     1834
................................................................

WIND (MPH)
AVERAGE WIND SPEED              3.8
HIGHEST WIND SPEED/DIRECTION    30/040    DATE  08/16
HIGHEST GUST SPEED/DIRECTION    44/040    DATE  08/16

SKY COVER
POSSIBLE SUNSHINE (PERCENT)
AVERAGE SKY COVER           0.54
NUMBER OF DAYS FAIR            0
NUMBER OF DAYS PC             31
NUMBER OF DAYS CLOUDY          0

AVERAGE RH (PERCENT)     79

WEATHER CONDITIONS. NUMBER OF DAYS WITH
THUNDERSTORM             25     MIXED PRECIP               0
HEAVY RAIN               12     RAIN                      15
LIGHT RAIN               22     FREEZING RAIN              0
LT FREEZING RAIN          0     HAIL                       0
HEAVY SNOW                0     SNOW                       0
LIGHT SNOW                0     SLEET                      0
FOG                      22     FOG W/VIS <= 1/4 MILE      0
HAZE                     11

-  INDICATES NEGATIVE NUMBERS.
R  INDICATES RECORD WAS SET OR TIED.
MM INDICATES DATA IS MISSING.
T  INDICATES TRACE AMOUNT.

$$
