000
CXUS56 KSTO 150933
CLMMOD

CLIMATE REPORT
NATIONAL WEATHER SERVICE SACRAMENTO
233 AM PDT THU SEP 15 2022

...................................

...THE MODESTO CA CLIMATE SUMMARY FOR THE MONTH OF AUGUST 2022...

CLIMATE NORMAL PERIOD: 1991 TO 2020
CLIMATE RECORD PERIOD: 1931 TO 2022

WEATHER         OBSERVED          NORMAL  DEPART   LAST YEAR`S
                VALUE   DATE(S)   VALUE   FROM     VALUE
                                          NORMAL
..............................................................
TEMPERATURE (F)
RECORD
 HIGH            111   08/16/2020
 LOW              46   08/30/1957
HIGHEST          103   08/16         MM      MM
LOWEST            60   08/10         MM      MM
AVG. MAXIMUM    94.8               93.5     1.3
AVG. MINIMUM    64.6               62.0     2.6
MEAN            79.7               77.8     1.9
DAYS MAX >= 90    26               23.1     2.9
DAYS MAX <= 32     0                0.0     0.0
DAYS MIN <= 32     0                0.0     0.0
DAYS MIN <= 0      0                0.0     0.0

PRECIPITATION (INCHES)
RECORD
 MAXIMUM        0.00   2021
 MINIMUM        0.00   2021
TOTALS             T               0.01   -0.01     0.00
DAYS >= .01        0
DAYS >= .10        0
DAYS >= .50        0
DAYS >= 1.00       0

SNOWFALL (INCHES)
RECORDS
 TOTAL            MM   MM
 24 HR TOTAL      MM
TOTALS            MM                 MM      MM
 LIQUID EQUIV     MM                 MM      MM
SINCE 7/1         MM                 MM      MM
 LIQUID 7/1       MM
DAYS >= TRACE     MM                 MM      MM
DAYS >= 1.0       MM                 MM      MM
GREATEST
 SNOW DEPTH       MM
 24 HR TOTAL      MM
 STORM TOTAL      MM
 (MM/DD(HH))

DEGREE DAYS
HEATING TOTAL      0                  0       0
 SINCE 7/1         0                  0       0
COOLING TOTAL    464                395      69
 SINCE 1/1      1427               1277     150

FREEZE DATES
RECORD
 EARLIEST     MM
 LATEST       MM
EARLIEST                        MM
LATEST                          03/06
..............................................................

WIND (MPH)
AVERAGE WIND SPEED              8.3
HIGHEST WIND SPEED/DIRECTION    21/320    DATE  08/02
                                21/320          08/09
HIGHEST GUST SPEED/DIRECTION    26/310    DATE  08/02
                                26/320          08/09

SKY COVER
POSSIBLE SUNSHINE (PERCENT)   MM
AVERAGE SKY COVER           0.02
NUMBER OF DAYS FAIR           31
NUMBER OF DAYS PC              0
NUMBER OF DAYS CLOUDY          0

AVERAGE RH (PERCENT)     45

WEATHER CONDITIONS. NUMBER OF DAYS WITH
THUNDERSTORM              0     MIXED PRECIP               0
HEAVY RAIN                0     RAIN                       0
LIGHT RAIN                0     FREEZING RAIN              0
LT FREEZING RAIN          0     HAIL                       0
HEAVY SNOW                0     SNOW                       0
LIGHT SNOW                0     SLEET                      0
FOG                       0     FOG W/VIS <= 1/4 MILE      0
HAZE                      4

-  INDICATES NEGATIVE NUMBERS.
R  INDICATES RECORD WAS SET OR TIED.
MM INDICATES DATA IS MISSING.
T  INDICATES TRACE AMOUNT.

$$
