000
CXUS51 KPHI 040236
CLMMPO

CLIMATE REPORT
NATIONAL WEATHER SERVICE MOUNT HOLLY NJ
1036 PM EDT SAT SEP 03 2022

...................................

...THE MOUNT POCONO PA CLIMATE SUMMARY FOR THE MONTH OF AUGUST 2022...

CLIMATE NORMAL PERIOD: 1991 TO 2020
CLIMATE RECORD PERIOD: 1901 TO 2022

WEATHER         OBSERVED          NORMAL  DEPART   LAST YEAR`S
                VALUE   DATE(S)   VALUE   FROM     VALUE
                                          NORMAL
..............................................................
TEMPERATURE (F)
RECORD
 HIGH             95   08/14/1911
                       08/08/1909
 LOW              31   08/30/1986
HIGHEST           88                 MM      MM       88
LOWEST            46                 MM      MM       46
AVG. MAXIMUM    79.6               75.7     3.9     77.3
AVG. MINIMUM    58.8               56.3     2.5     60.4
MEAN            69.2               66.0     3.2     68.9
DAYS MAX >= 90     0                0.3    -0.3        0
DAYS MAX <= 32     0                0.0     0.0        0
DAYS MIN <= 32     0                0.0     0.0        0
DAYS MIN <= 0      0                0.0     0.0        0

PRECIPITATION (INCHES)
RECORD
 MAXIMUM       23.66   1955
 MINIMUM        0.64   1914
TOTALS          4.18               4.64   -0.46    12.39
DAILY AVG.      0.13               0.15   -0.02     0.40
DAYS >= .01        9               15.1    -6.1       13
DAYS >= .10        6                7.7    -1.7       10
DAYS >= .50        2                2.9    -0.9        6
DAYS >= 1.00       1                1.3    -0.3        3
GREATEST
 24 HR. TOTAL   2.29   08/21 TO 08/22               5.23


DEGREE DAYS
HEATING TOTAL     11                 49     -38       23
 SINCE 7/1        17                 78     -61       MM
COOLING TOTAL    149                 80      69      149
 SINCE 1/1       371                265     106       MM
..............................................................

WIND (MPH)
AVERAGE WIND SPEED              6.7
HIGHEST WIND SPEED/DIRECTION    29/320    DATE  08/05
HIGHEST GUST SPEED/DIRECTION    36/260    DATE  08/07

SKY COVER
POSSIBLE SUNSHINE (PERCENT)   MM
AVERAGE SKY COVER           0.37
NUMBER OF DAYS FAIR           17
NUMBER OF DAYS PC             11
NUMBER OF DAYS CLOUDY          3

AVERAGE RH (PERCENT)     73

WEATHER CONDITIONS. NUMBER OF DAYS WITH
THUNDERSTORM              3     MIXED PRECIP               0
HEAVY RAIN                4     RAIN                       5
LIGHT RAIN               14     FREEZING RAIN              0
LT FREEZING RAIN          0     HEAVY SNOW                 0
SNOW                      0     LIGHT SNOW                 0
SLEET                     0     FOG                       14
FOG W/VIS <= 1/4 MILE     2     HAZE                       1

-  INDICATES NEGATIVE NUMBERS.
R  INDICATES RECORD WAS SET OR TIED.
MM INDICATES DATA IS MISSING.
T  INDICATES TRACE AMOUNT.

$$
