000
CXUS51 KBTV 011238
CLMMPV

CLIMATE REPORT
NATIONAL WEATHER SERVICE BURLINGTON VT
838 AM EDT SAT OCT 01 2022

...................................

...THE MONTPELIER VT CLIMATE SUMMARY FOR THE MONTH OF SEPTEMBER 2022...

CLIMATE NORMAL PERIOD: 1991 TO 2020
CLIMATE RECORD PERIOD: 1948 TO 2022

WEATHER         OBSERVED          NORMAL  DEPART   LAST YEAR`S
                VALUE   DATE(S)   VALUE   FROM     VALUE DATE(S)
                                          NORMAL
................................................................
TEMPERATURE (F)
RECORD
 HIGH             92
 LOW              20
HIGHEST           83   09/03         MM      MM       81  09/08
                       09/10
                                                          09/15
LOWEST            35   09/29         MM      MM       38  09/29
AVG. MAXIMUM    68.9               68.6     0.3     71.1
AVG. MINIMUM    50.0               46.3     3.7     51.1
MEAN            59.5               57.4     2.0     61.1
DAYS MAX >= 90     0                0.0     0.0        0
DAYS MAX <= 32     0                0.0     0.0        0
DAYS MIN <= 32     0                1.2    -1.2        0
DAYS MIN <= 0      0                0.0     0.0        0

PRECIPITATION (INCHES)
RECORD
 MAXIMUM        7.08   1999
 MINIMUM        0.67   1963
TOTALS          5.04               3.33    1.71     2.61
DAILY AVG.      0.17               0.11    0.06     0.09
DAYS >= .01       13               10.9     2.1        8
DAYS >= .10        9                6.3     2.7        4
DAYS >= .50        4                2.2     1.8        2
DAYS >= 1.00       1                0.7     0.3        1
GREATEST
 24 HR. TOTAL   1.37   09/19 TO 09/19               1.34  09/15 TO 09/15
 STORM TOTAL    1.37                                1.34
 (MM/DD(HH))            MM


DEGREE DAYS
HEATING TOTAL    185                247     -62      134
 SINCE 7/1       205                359    -154       MM
COOLING TOTAL     26                 20       6       23
 SINCE 1/1       429                227     202       MM
................................................................

WIND (MPH)
AVERAGE WIND SPEED              4.1
HIGHEST WIND SPEED/DIRECTION    23/310    DATE  09/23
                                23/310          09/24
HIGHEST GUST SPEED/DIRECTION    37/340    DATE  09/23

SKY COVER
POSSIBLE SUNSHINE (PERCENT)   MM
AVERAGE SKY COVER           0.59
NUMBER OF DAYS FAIR            6
NUMBER OF DAYS PC             15
NUMBER OF DAYS CLOUDY          9

AVERAGE RH (PERCENT)     73

WEATHER CONDITIONS. NUMBER OF DAYS WITH
THUNDERSTORM              1     MIXED PRECIP               0
HEAVY RAIN                7     RAIN                      10
LIGHT RAIN               13     FREEZING RAIN              0
LT FREEZING RAIN          0     HAIL                       0
HEAVY SNOW                0     SNOW                       0
LIGHT SNOW                0     SLEET                      0
FOG                      23     FOG W/VIS <= 1/4 MILE     14
HAZE                     13

-  INDICATES NEGATIVE NUMBERS.
R  INDICATES RECORD WAS SET OR TIED.
MM INDICATES DATA IS MISSING.
T  INDICATES TRACE AMOUNT.

$$
