000
CXUS53 KMPX 010635
CLMMPX

CLIMATE REPORT
NATIONAL WEATHER SERVICE TWIN CITIES/CHANHASSEN MN
135 AM CDT SAT OCT 01 2022

...................................

...THE CHANHASSEN MN CLIMATE SUMMARY FOR THE MONTH OF SEPTEMBER 2022...

CLIMATE NORMAL PERIOD 1991 TO 2020
CLIMATE RECORD PERIOD 1995 TO 2022

WEATHER         OBSERVED          NORMAL  DEPART   LAST YEAR`S
                VALUE   DATE(S)   VALUE   FROM     VALUE DATE(S)
                                          NORMAL
................................................................
TEMPERATURE (F)
HIGHEST           90   09/20         MM      MM       88  09/19
LOWEST            31R  09/28         MM      MM       42  09/23
AVG. MAXIMUM    73.5               71.4     2.1     74.6
AVG. MINIMUM    52.3               51.1     1.2     51.8
MEAN            62.9               61.3     1.6     63.2
DAYS MAX >= 90     1                                   0
DAYS MAX <= 32     0                                   0
DAYS MIN <= 32     1                                   0
DAYS MIN <= 0      0                                   0

PRECIPITATION (INCHES)
TOTALS          0.56R              3.29   -2.73     2.13
DAILY AVG.      0.02                                0.07
DAYS >= .01        7                                   6
DAYS >= .10        2                                   5
DAYS >= .50        0                                   2
DAYS >= 1.00       0                                   0
GREATEST
 24 HR. TOTAL   0.21   09/17 TO 09/17               0.68

SNOWFALL (INCHES)
TOTALS           0.0                0.0     0.0      0.0
SINCE 7/1        0.0                0.0     0.0       MM
SNOWDEPTH AVG.     0                                   0
DAYS >= 1.0        0                                   0
GREATEST
 SNOW DEPTH        0                                   0  MM
 24 HR TOTAL      MM

DEGREE DAYS
HEATING TOTAL    134                166     -32       90
 SINCE 7/1       134                192     -58       MM
COOLING TOTAL     76                 53      23       43
 SINCE 1/1       712                578     134       MM
................................................................



-  INDICATES NEGATIVE NUMBERS.
R  INDICATES RECORD WAS SET OR TIED.
MM INDICATES DATA IS MISSING.
T  INDICATES TRACE AMOUNT.

$$
