000
CXUS53 KMQT 010504
CLMMQT

CLIMATE REPORT
NATIONAL WEATHER SERVICE
104 AM EDT THU SEP 01 2022

...................................

...THE MARQUETTE MI CLIMATE SUMMARY FOR THE MONTH OF AUGUST 2022...

CLIMATE NORMAL PERIOD: 1991 TO 2020
CLIMATE RECORD PERIOD: 1961 TO 2022

WEATHER         OBSERVED          NORMAL  DEPART   LAST YEAR`S
                VALUE   DATE(S)   VALUE   FROM     VALUE DATE(S)
                                          NORMAL
................................................................
TEMPERATURE (F)
RECORD
 HIGH             96   08/06/2001
 LOW              31   08/30/1976
HIGHEST           87   08/03         73      14       88  08/20
                       08/06
LOWEST            41   08/12         52     -11       46  08/14
AVG. MAXIMUM    74.9               74.2     0.7     78.3
AVG. MINIMUM    55.0               53.1     1.9     57.0
MEAN            64.9               63.6     1.3     67.6
DAYS MAX >= 90     0                0.6    -0.6        0
DAYS MAX <= 32     0                0.0     0.0        0
DAYS MIN <= 32     0                0.0     0.0        0
DAYS MIN <= 0      0                0.0     0.0        0

PRECIPITATION (INCHES)
RECORD
 MAXIMUM        8.59   1988
 MINIMUM        0.44   2008
TOTALS          3.92               2.85    1.07     2.50
DAILY AVG.      0.13               0.09    0.04     0.08
DAYS >= .01       13               10.5     2.5        9
DAYS >= .10        9                6.2     2.8        4
DAYS >= .50        4                1.6     2.4        3
DAYS >= 1.00       0                0.6    -0.6        0
GREATEST
 24 HR. TOTAL   0.93   08/24 TO 08/24

SNOWFALL (INCHES)
RECORDS
 TOTAL             T   2009
TOTALS           0.0                0.0     0.0      0.0
SINCE 7/1        0.0                0.0     0.0       MM
SNOWDEPTH AVG.     0                                   0
DAYS >= 1.0        0                0.0     0.0        0
GREATEST
 SNOW DEPTH        0                                   0  MM
 24 HR TOTAL      MM

DEGREE DAYS
HEATING TOTAL     56                105     -49       39
 SINCE 7/1       102                186     -84       MM
COOLING TOTAL     59                 63      -4      130
 SINCE 1/1       275                212      63       MM
................................................................

WIND (MPH)
AVERAGE WIND SPEED              MM
HIGHEST WIND SPEED/DIRECTION    MM        DATE   MM
HIGHEST GUST SPEED/DIRECTION    46/270    DATE  08/03

SKY COVER
POSSIBLE SUNSHINE (PERCENT)   MM
AVERAGE SKY COVER           0.00
NUMBER OF DAYS FAIR            1
NUMBER OF DAYS PC              0
NUMBER OF DAYS CLOUDY          0

AVERAGE RH (PERCENT)     MM

WEATHER CONDITIONS. NUMBER OF DAYS WITH
THUNDERSTORM              6     MIXED PRECIP               0
HEAVY RAIN                3     RAIN                       3
LIGHT RAIN               15     FREEZING RAIN              0
LT FREEZING RAIN          0     HAIL                       0
HEAVY SNOW                0     SNOW                       0
LIGHT SNOW                0     SLEET                      0
FOG                       5     FOG W/VIS <= 1/4 MILE      3
HAZE                      0

-  INDICATES NEGATIVE NUMBERS.
R  INDICATES RECORD WAS SET OR TIED.
MM INDICATES DATA IS MISSING.
T  INDICATES TRACE AMOUNT.

$$
